{"id":4225,"date":"2023-08-31T15:50:45","date_gmt":"2023-08-31T15:50:45","guid":{"rendered":"https:\/\/job.amd-veille.com\/?page_id=4225"},"modified":"2023-09-08T08:59:52","modified_gmt":"2023-09-08T08:59:52","slug":"elementor-4225","status":"publish","type":"page","link":"https:\/\/job.amd-veille.com\/index.php\/elementor-4225\/","title":{"rendered":"Recrutement de 01 Coordonnateur de l&#8217;Unit\u00e9 Sectorielle d&#8217;Ex\u00e9cution Mines (USEM)"},"content":{"rendered":"\t\t<div data-elementor-type=\"wp-page\" data-elementor-id=\"4225\" class=\"elementor elementor-4225\">\n\t\t\t\t\t\t\t\t\t<section class=\"elementor-section elementor-top-section elementor-element elementor-element-5fa73a2 elementor-section-boxed elementor-section-height-default elementor-section-height-default\" data-id=\"5fa73a2\" data-element_type=\"section\">\n\t\t\t\t\t\t<div class=\"elementor-container elementor-column-gap-default\">\n\t\t\t\t\t<div class=\"elementor-column elementor-col-100 elementor-top-column elementor-element elementor-element-0db20ac\" data-id=\"0db20ac\" data-element_type=\"column\">\n\t\t\t<div class=\"elementor-widget-wrap elementor-element-populated\">\n\t\t\t\t\t\t\t\t<div class=\"elementor-element elementor-element-e3f84d6 elementor-widget elementor-widget-heading\" data-id=\"e3f84d6\" data-element_type=\"widget\" data-widget_type=\"heading.default\">\n\t\t\t\t<div class=\"elementor-widget-container\">\n\t\t\t<style>\/*! elementor - v3.14.0 - 26-06-2023 *\/\n.elementor-heading-title{padding:0;margin:0;line-height:1}.elementor-widget-heading .elementor-heading-title[class*=elementor-size-]>a{color:inherit;font-size:inherit;line-height:inherit}.elementor-widget-heading .elementor-heading-title.elementor-size-small{font-size:15px}.elementor-widget-heading .elementor-heading-title.elementor-size-medium{font-size:19px}.elementor-widget-heading .elementor-heading-title.elementor-size-large{font-size:29px}.elementor-widget-heading .elementor-heading-title.elementor-size-xl{font-size:39px}.elementor-widget-heading .elementor-heading-title.elementor-size-xxl{font-size:59px}<\/style><h2 class=\"elementor-heading-title elementor-size-default\">\n\nRecrutement de 01 Coordonnateur de l'Unit\u00e9 Sectorielle d'Ex\u00e9cution Mines (USEM)<\/h2>\t\t<\/div>\n\t\t\t\t<\/div>\n\t\t\t\t\t<\/div>\n\t\t<\/div>\n\t\t\t\t\t\t\t<\/div>\n\t\t<\/section>\n\t\t\t\t<section class=\"elementor-section elementor-top-section elementor-element elementor-element-2a06aa0 elementor-section-boxed elementor-section-height-default elementor-section-height-default\" data-id=\"2a06aa0\" data-element_type=\"section\">\n\t\t\t\t\t\t<div class=\"elementor-container elementor-column-gap-default\">\n\t\t\t\t\t<div class=\"elementor-column elementor-col-100 elementor-top-column elementor-element elementor-element-ecb4f50\" data-id=\"ecb4f50\" data-element_type=\"column\">\n\t\t\t<div class=\"elementor-widget-wrap elementor-element-populated\">\n\t\t\t\t\t\t\t\t<div class=\"elementor-element elementor-element-362fd7f elementor-widget elementor-widget-text-editor\" data-id=\"362fd7f\" data-element_type=\"widget\" data-widget_type=\"text-editor.default\">\n\t\t\t\t<div class=\"elementor-widget-container\">\n\t\t\t<style>\/*! elementor - v3.14.0 - 26-06-2023 *\/\n.elementor-widget-text-editor.elementor-drop-cap-view-stacked .elementor-drop-cap{background-color:#69727d;color:#fff}.elementor-widget-text-editor.elementor-drop-cap-view-framed .elementor-drop-cap{color:#69727d;border:3px solid;background-color:transparent}.elementor-widget-text-editor:not(.elementor-drop-cap-view-default) .elementor-drop-cap{margin-top:8px}.elementor-widget-text-editor:not(.elementor-drop-cap-view-default) .elementor-drop-cap-letter{width:1em;height:1em}.elementor-widget-text-editor .elementor-drop-cap{float:left;text-align:center;line-height:1;font-size:50px}.elementor-widget-text-editor .elementor-drop-cap-letter{display:inline-block}<\/style>\t\t\t\t<div class=\"latest-tweets-head\"><h4><i>Offre expirant le 03-10-2023<\/i><\/h4><\/div><div class=\"accordionb\"><div class=\"paneh\"><div class=\"col-md-12\"><div class=\"google-auto-placed\"><ins class=\"adsbygoogle adsbygoogle-noablate\" data-ad-format=\"auto\" data-ad-client=\"ca-pub-8411481294779317\" data-adsbygoogle-status=\"done\" data-ad-status=\"unfilled\"><div id=\"aswift_1_host\" tabindex=\"0\" title=\"Advertisement\" aria-label=\"Advertisement\"><iframe loading=\"lazy\" id=\"aswift_1\" src=\"https:\/\/googleads.g.doubleclick.net\/pagead\/ads?client=ca-pub-8411481294779317&amp;output=html&amp;h=280&amp;adk=2994315139&amp;adf=259530845&amp;pi=t.aa~a.1328589437~rp.2&amp;w=753&amp;fwrn=4&amp;fwrnh=100&amp;lmt=1693497107&amp;rafmt=1&amp;to=qs&amp;pwprc=3254830418&amp;format=753x280&amp;url=https%3A%2F%2Fprofessionnallink.com%2Femp%2Frecrutement-de-01-coordonnateur-de-lunite-sectorielle-dexecution-mines-usem-15579%2F&amp;fwr=0&amp;pra=3&amp;rpe=1&amp;resp_fmts=3&amp;wgl=1&amp;fa=40&amp;uach=WyJXaW5kb3dzIiwiMTAuMC4wIiwieDg2IiwiIiwiMTE2LjAuNTg0NS45NyIsW10sMCxudWxsLCI2NCIsW1siQ2hyb21pdW0iLCIxMTYuMC41ODQ1Ljk3Il0sWyJOb3QpQTtCcmFuZCIsIjI0LjAuMC4wIl0sWyJHb29nbGUgQ2hyb21lIiwiMTE2LjAuNTg0NS45NyJdXSwwXQ..&amp;dt=1693497107379&amp;bpp=7&amp;bdt=727&amp;idt=-M&amp;shv=r20230829&amp;mjsv=m202308280101&amp;ptt=9&amp;saldr=aa&amp;abxe=1&amp;cookie=ID%3De2e07a4ef9610182-2204e69e90e2007d%3AT%3D1688643683%3ART%3D1693497152%3AS%3DALNI_Man3gup7tjynA1NBEO9YMxVfhCn8A&amp;gpic=UID%3D00000ca0ad075b99%3AT%3D1688643683%3ART%3D1693497152%3AS%3DALNI_Ma2m3o1PtAleNKbOutx3y_EPXjmRg&amp;prev_fmts=0x0&amp;nras=2&amp;correlator=4144472227511&amp;rume=1&amp;frm=20&amp;pv=1&amp;ga_vid=826856637.1693491003&amp;ga_sid=1693497107&amp;ga_hid=1200046871&amp;ga_fc=1&amp;u_tz=0&amp;u_his=6&amp;u_h=768&amp;u_w=1366&amp;u_ah=728&amp;u_aw=1366&amp;u_cd=24&amp;u_sd=1&amp;dmc=8&amp;adx=145&amp;ady=764&amp;biw=1349&amp;bih=651&amp;scr_x=0&amp;scr_y=0&amp;eid=44759837%2C44759875%2C44759926%2C31077371%2C31077444%2C31077488%2C31077504%2C31077097%2C21065725%2C31061691%2C31061693%2C31067146%2C31067147%2C31067148%2C31068556&amp;oid=2&amp;pvsid=1220158218189649&amp;tmod=996188620&amp;uas=0&amp;nvt=1&amp;ref=https%3A%2F%2Fprofessionnallink.com%2Femploi%2F%3Fire%3D15579&amp;fc=1920&amp;brdim=0%2C0%2C0%2C0%2C1366%2C0%2C1366%2C728%2C1366%2C651&amp;vis=1&amp;rsz=%7C%7Cs%7C&amp;abl=NS&amp;fu=128&amp;bc=31&amp;td=1&amp;nt=1&amp;ifi=2&amp;uci=a!2&amp;btvi=1&amp;fsb=1&amp;xpc=kJ3hXrwepf&amp;p=https%3A\/\/professionnallink.com&amp;dtd=87\" name=\"aswift_1\" width=\"753\" height=\"0\" frameborder=\"0\" marginwidth=\"0\" marginheight=\"0\" scrolling=\"no\" sandbox=\"allow-forms allow-popups allow-popups-to-escape-sandbox allow-same-origin allow-scripts allow-top-navigation-by-user-activation\" data-google-container-id=\"a!2\" data-google-query-id=\"CLKc5cGgh4EDFctu0wodh-YGRA\" data-load-complete=\"true\" data-mce-fragment=\"1\"><\/iframe><\/div><\/ins><\/div>Localit\u00e9 : Burkina Faso \/ Ouagadougou<br \/>Domaine :\u00a0Sociologie<br \/>Niveau :\u00a0BAC + 5<br \/>Entreprise recruteur :\u00a0Minist\u00e8re de l&#8217;Energie des Mines et des Carri\u00e8res<br \/><br \/><h4>Poste \u00e0 pourvoir Coordonnateur de l&#8217;Unit\u00e9 Sectorielle d&#8217;Ex\u00e9cution Mines (USEM)<br \/>Nombre de poste 01<br \/>Lieu d&#8217;affectation Ouagadougou<br \/>Structure recruteur Minist\u00e8re de l&#8217;Energie, des Mines et des Carri\u00e8res<br \/>Structure B\u00e9n\u00e9ficiaire L&#8217;Unit\u00e9 Sectorielle d&#8217;Ex\u00e9cution du Volet mines du PARGFM<br \/>Secteur activit\u00e9 Pr\u00e9rogative publique<br \/>Dipl\u00f4me ou niveau BAC+5<br \/>Option du dipl\u00f4me \u00e9conomie,droit,gestion,management des projets, sciences de l&#8217;ing\u00e9nieur<br \/>Exp\u00e9riences 5 ans<br \/>Capacit\u00e9s li\u00e9es \u00e0 l&#8217;emploi voir la suite des conditions dans le journal SIDWAYA du 31\/08\/2023<br \/>Connaissance en informatique Ma\u00eetriser l&#8217;outil informatique<br \/>Condition d&#8217;\u00e2ge NP<br \/>Composition du dossier Une demande manuscrite rev\u00eatue d&#8217;un timbre fiscal de 200f cfa, adress\u00e9e \u00e0 Monsieur le Secr\u00e9taire G\u00e9n\u00e9ral du Minist\u00e8re de l&#8217;Energie, des Mines et des Carri\u00e8res pr\u00e9cisant l&#8217;intitul\u00e9 du poste\/un CV dat\u00e9, sign\u00e9 et lisible du postulant sur 5 pages maximum faisant ressortir l&#8217;\u00e9tat des dipl\u00f4mes obtenus,des exp\u00e9riences en d\u00e9taillant celles les plus pertinentes pour le poste,des formations et des stages professionnels du candidat\/une lettre de motivation en 2 pages maximum dat\u00e9e et sign\u00e9e du postulant\/une photocopie l\u00e9galis\u00e9e du ou des dipl\u00f4mes exig\u00e9s\/une photocopie l\u00e9galis\u00e9e de la CNIB\/une photocopie l\u00e9galis\u00e9e des certificats ou attestations de travail\/autres<br \/>Date limite de dep\u00f4t des dossiers 03\/10\/2023<br \/>Procedure de recrutement Pr\u00e9s\u00e9lection sur dossier\/phase d&#8217;entretien avec un jury<br \/>Dur\u00e9e du contrat CDD 2 ans renouvelable<br \/>Source de l&#8217;offre Journal SIDWAYA du 31\/08\/2023<\/h4><\/div><\/div><\/div>\t\t\t\t\t\t<\/div>\n\t\t\t\t<\/div>\n\t\t\t\t\t<\/div>\n\t\t<\/div>\n\t\t\t\t\t\t\t<\/div>\n\t\t<\/section>\n\t\t\t\t\t\t\t<\/div>\n\t\t","protected":false},"excerpt":{"rendered":"<p>Recrutement de 01 Coordonnateur de l&#8217;Unit\u00e9 Sectorielle d&#8217;Ex\u00e9cution Mines (USEM) Offre expirant le 03-10-2023 Localit\u00e9 : Burkina Faso \/ OuagadougouDomaine :\u00a0SociologieNiveau :\u00a0BAC + 5Entreprise recruteur :\u00a0Minist\u00e8re de l&#8217;Energie des Mines et des Carri\u00e8res Poste \u00e0 pourvoir Coordonnateur de l&#8217;Unit\u00e9 Sectorielle d&#8217;Ex\u00e9cution Mines (USEM)Nombre de poste 01Lieu d&#8217;affectation OuagadougouStructure recruteur Minist\u00e8re de l&#8217;Energie, des Mines et&hellip;<\/p>\n","protected":false},"author":1,"featured_media":0,"parent":0,"menu_order":0,"comment_status":"closed","ping_status":"closed","template":"","meta":[],"_links":{"self":[{"href":"https:\/\/job.amd-veille.com\/index.php\/wp-json\/wp\/v2\/pages\/4225"}],"collection":[{"href":"https:\/\/job.amd-veille.com\/index.php\/wp-json\/wp\/v2\/pages"}],"about":[{"href":"https:\/\/job.amd-veille.com\/index.php\/wp-json\/wp\/v2\/types\/page"}],"author":[{"embeddable":true,"href":"https:\/\/job.amd-veille.com\/index.php\/wp-json\/wp\/v2\/users\/1"}],"replies":[{"embeddable":true,"href":"https:\/\/job.amd-veille.com\/index.php\/wp-json\/wp\/v2\/comments?post=4225"}],"version-history":[{"count":6,"href":"https:\/\/job.amd-veille.com\/index.php\/wp-json\/wp\/v2\/pages\/4225\/revisions"}],"predecessor-version":[{"id":4325,"href":"https:\/\/job.amd-veille.com\/index.php\/wp-json\/wp\/v2\/pages\/4225\/revisions\/4325"}],"wp:attachment":[{"href":"https:\/\/job.amd-veille.com\/index.php\/wp-json\/wp\/v2\/media?parent=4225"}],"curies":[{"name":"wp","href":"https:\/\/api.w.org\/{rel}","templated":true}]}}

Recrutement de 01 Coordonnateur de l&#8217;Unité Sectorielle d&#8217;Exécution Mines (USEM)

<div data-elementor-type="wp-page" data-elementor-id="4225" class="elementor elementor-4225">
									<section class="elementor-section elementor-top-section elementor-element elementor-element-5fa73a2 elementor-section-boxed elementor-section-height-default elementor-section-height-default" data-id="5fa73a2" data-element_type="section">
						<div class="elementor-container elementor-column-gap-default">
					<div class="elementor-column elementor-col-100 elementor-top-column elementor-element elementor-element-0db20ac" data-id="0db20ac" data-element_type="column">
			<div class="elementor-widget-wrap elementor-element-populated">
								<div class="elementor-element elementor-element-e3f84d6 elementor-widget elementor-widget-heading" data-id="e3f84d6" data-element_type="widget" data-widget_type="heading.default">
				<div class="elementor-widget-container">
			<style>/*! elementor - v3.14.0 - 26-06-2023 */
.elementor-heading-title{padding:0;margin:0;line-height:1}.elementor-widget-heading .elementor-heading-title[class*=elementor-size-]>a{color:inherit;font-size:inherit;line-height:inherit}.elementor-widget-heading .elementor-heading-title.elementor-size-small{font-size:15px}.elementor-widget-heading .elementor-heading-title.elementor-size-medium{font-size:19px}.elementor-widget-heading .elementor-heading-title.elementor-size-large{font-size:29px}.elementor-widget-heading .elementor-heading-title.elementor-size-xl{font-size:39px}.elementor-widget-heading .elementor-heading-title.elementor-size-xxl{font-size:59px}</style><h2 class="elementor-heading-title elementor-size-default">

Recrutement de 01 Coordonnateur de l'Unité Sectorielle d'Exécution Mines (USEM)</h2>		</div>
				</div>
					</div>
		</div>
							</div>
		</section>
				<section class="elementor-section elementor-top-section elementor-element elementor-element-2a06aa0 elementor-section-boxed elementor-section-height-default elementor-section-height-default" data-id="2a06aa0" data-element_type="section">
						<div class="elementor-container elementor-column-gap-default">
					<div class="elementor-column elementor-col-100 elementor-top-column elementor-element elementor-element-ecb4f50" data-id="ecb4f50" data-element_type="column">
			<div class="elementor-widget-wrap elementor-element-populated">
								<div class="elementor-element elementor-element-362fd7f elementor-widget elementor-widget-text-editor" data-id="362fd7f" data-element_type="widget" data-widget_type="text-editor.default">
				<div class="elementor-widget-container">
			<style>/*! elementor - v3.14.0 - 26-06-2023 */
.elementor-widget-text-editor.elementor-drop-cap-view-stacked .elementor-drop-cap{background-color:#69727d;color:#fff}.elementor-widget-text-editor.elementor-drop-cap-view-framed .elementor-drop-cap{color:#69727d;border:3px solid;background-color:transparent}.elementor-widget-text-editor:not(.elementor-drop-cap-view-default) .elementor-drop-cap{margin-top:8px}.elementor-widget-text-editor:not(.elementor-drop-cap-view-default) .elementor-drop-cap-letter{width:1em;height:1em}.elementor-widget-text-editor .elementor-drop-cap{float:left;text-align:center;line-height:1;font-size:50px}.elementor-widget-text-editor .elementor-drop-cap-letter{display:inline-block}</style>				<div class="latest-tweets-head"><h4><i>Offre expirant le 03-10-2023</i></h4></div><div class="accordionb"><div class="paneh"><div class="col-md-12"><div class="google-auto-placed"><ins class="adsbygoogle adsbygoogle-noablate" data-ad-format="auto" data-ad-client="ca-pub-8411481294779317" data-adsbygoogle-status="done" data-ad-status="unfilled"><div id="aswift_1_host" tabindex="0" title="Advertisement" aria-label="Advertisement"><iframe loading="lazy" id="aswift_1" src="https://googleads.g.doubleclick.net/pagead/ads?client=ca-pub-8411481294779317&amp;output=html&amp;h=280&amp;adk=2994315139&amp;adf=259530845&amp;pi=t.aa~a.1328589437~rp.2&amp;w=753&amp;fwrn=4&amp;fwrnh=100&amp;lmt=1693497107&amp;rafmt=1&amp;to=qs&amp;pwprc=3254830418&amp;format=753x280&amp;url=https%3A%2F%2Fprofessionnallink.com%2Femp%2Frecrutement-de-01-coordonnateur-de-lunite-sectorielle-dexecution-mines-usem-15579%2F&amp;fwr=0&amp;pra=3&amp;rpe=1&amp;resp_fmts=3&amp;wgl=1&amp;fa=40&amp;uach=WyJXaW5kb3dzIiwiMTAuMC4wIiwieDg2IiwiIiwiMTE2LjAuNTg0NS45NyIsW10sMCxudWxsLCI2NCIsW1siQ2hyb21pdW0iLCIxMTYuMC41ODQ1Ljk3Il0sWyJOb3QpQTtCcmFuZCIsIjI0LjAuMC4wIl0sWyJHb29nbGUgQ2hyb21lIiwiMTE2LjAuNTg0NS45NyJdXSwwXQ..&amp;dt=1693497107379&amp;bpp=7&amp;bdt=727&amp;idt=-M&amp;shv=r20230829&amp;mjsv=m202308280101&amp;ptt=9&amp;saldr=aa&amp;abxe=1&amp;cookie=ID%3De2e07a4ef9610182-2204e69e90e2007d%3AT%3D1688643683%3ART%3D1693497152%3AS%3DALNI_Man3gup7tjynA1NBEO9YMxVfhCn8A&amp;gpic=UID%3D00000ca0ad075b99%3AT%3D1688643683%3ART%3D1693497152%3AS%3DALNI_Ma2m3o1PtAleNKbOutx3y_EPXjmRg&amp;prev_fmts=0x0&amp;nras=2&amp;correlator=4144472227511&amp;rume=1&amp;frm=20&amp;pv=1&amp;ga_vid=826856637.1693491003&amp;ga_sid=1693497107&amp;ga_hid=1200046871&amp;ga_fc=1&amp;u_tz=0&amp;u_his=6&amp;u_h=768&amp;u_w=1366&amp;u_ah=728&amp;u_aw=1366&amp;u_cd=24&amp;u_sd=1&amp;dmc=8&amp;adx=145&amp;ady=764&amp;biw=1349&amp;bih=651&amp;scr_x=0&amp;scr_y=0&amp;eid=44759837%2C44759875%2C44759926%2C31077371%2C31077444%2C31077488%2C31077504%2C31077097%2C21065725%2C31061691%2C31061693%2C31067146%2C31067147%2C31067148%2C31068556&amp;oid=2&amp;pvsid=1220158218189649&amp;tmod=996188620&amp;uas=0&amp;nvt=1&amp;ref=https%3A%2F%2Fprofessionnallink.com%2Femploi%2F%3Fire%3D15579&amp;fc=1920&amp;brdim=0%2C0%2C0%2C0%2C1366%2C0%2C1366%2C728%2C1366%2C651&amp;vis=1&amp;rsz=%7C%7Cs%7C&amp;abl=NS&amp;fu=128&amp;bc=31&amp;td=1&amp;nt=1&amp;ifi=2&amp;uci=a!2&amp;btvi=1&amp;fsb=1&amp;xpc=kJ3hXrwepf&amp;p=https%3A//professionnallink.com&amp;dtd=87" name="aswift_1" width="753" height="0" frameborder="0" marginwidth="0" marginheight="0" scrolling="no" sandbox="allow-forms allow-popups allow-popups-to-escape-sandbox allow-same-origin allow-scripts allow-top-navigation-by-user-activation" data-google-container-id="a!2" data-google-query-id="CLKc5cGgh4EDFctu0wodh-YGRA" data-load-complete="true" data-mce-fragment="1"></iframe></div></ins></div>Localité : Burkina Faso / Ouagadougou<br />Domaine : Sociologie<br />Niveau : BAC + 5<br />Entreprise recruteur : Ministère de l&#8217;Energie des Mines et des Carrières<br /><br /><h4>Poste à pourvoir Coordonnateur de l&#8217;Unité Sectorielle d&#8217;Exécution Mines (USEM)<br />Nombre de poste 01<br />Lieu d&#8217;affectation Ouagadougou<br />Structure recruteur Ministère de l&#8217;Energie, des Mines et des Carrières<br />Structure Bénéficiaire L&#8217;Unité Sectorielle d&#8217;Exécution du Volet mines du PARGFM<br />Secteur activité Prérogative publique<br />Diplôme ou niveau BAC+5<br />Option du diplôme économie,droit,gestion,management des projets, sciences de l&#8217;ingénieur<br />Expériences 5 ans<br />Capacités liées à l&#8217;emploi voir la suite des conditions dans le journal SIDWAYA du 31/08/2023<br />Connaissance en informatique Maîtriser l&#8217;outil informatique<br />Condition d&#8217;âge NP<br />Composition du dossier Une demande manuscrite revêtue d&#8217;un timbre fiscal de 200f cfa, adressée à Monsieur le Secrétaire Général du Ministère de l&#8217;Energie, des Mines et des Carrières précisant l&#8217;intitulé du poste/un CV daté, signé et lisible du postulant sur 5 pages maximum faisant ressortir l&#8217;état des diplômes obtenus,des expériences en détaillant celles les plus pertinentes pour le poste,des formations et des stages professionnels du candidat/une lettre de motivation en 2 pages maximum datée et signée du postulant/une photocopie légalisée du ou des diplômes exigés/une photocopie légalisée de la CNIB/une photocopie légalisée des certificats ou attestations de travail/autres<br />Date limite de depôt des dossiers 03/10/2023<br />Procedure de recrutement Présélection sur dossier/phase d&#8217;entretien avec un jury<br />Durée du contrat CDD 2 ans renouvelable<br />Source de l&#8217;offre Journal SIDWAYA du 31/08/2023</h4></div></div></div>						</div>
				</div>
					</div>
		</div>
							</div>
		</section>
							</div>

<p>Recrutement de 01 Coordonnateur de l&#8217;Unité Sectorielle d&#8217;Exécution Mines (USEM) Offre expirant le 03-10-2023 Localité : Burkina Faso / OuagadougouDomaine : SociologieNiveau : BAC + 5Entreprise recruteur : Ministère de l&#8217;Energie des Mines et des Carrières Poste à pourvoir Coordonnateur de l&#8217;Unité Sectorielle d&#8217;Exécution Mines (USEM)Nombre de poste 01Lieu d&#8217;affectation OuagadougouStructure recruteur Ministère de l&#8217;Energie, des Mines et&hellip;</p>
