{"id":4319,"date":"2023-09-07T15:53:30","date_gmt":"2023-09-07T15:53:30","guid":{"rendered":"https:\/\/job.amd-veille.com\/?page_id=4319"},"modified":"2023-09-07T15:56:57","modified_gmt":"2023-09-07T15:56:57","slug":"elementor-4319","status":"publish","type":"page","link":"https:\/\/job.amd-veille.com\/index.php\/elementor-4319\/","title":{"rendered":"Recrutement de 01 Secr\u00e9taire de saisie"},"content":{"rendered":"\t\t<div data-elementor-type=\"wp-page\" data-elementor-id=\"4319\" class=\"elementor elementor-4319\">\n\t\t\t\t\t\t\t\t\t<section class=\"elementor-section elementor-top-section elementor-element elementor-element-74e90ac elementor-section-boxed elementor-section-height-default elementor-section-height-default\" data-id=\"74e90ac\" data-element_type=\"section\">\n\t\t\t\t\t\t<div class=\"elementor-container elementor-column-gap-default\">\n\t\t\t\t\t<div class=\"elementor-column elementor-col-100 elementor-top-column elementor-element elementor-element-8cec5b9\" data-id=\"8cec5b9\" data-element_type=\"column\">\n\t\t\t<div class=\"elementor-widget-wrap elementor-element-populated\">\n\t\t\t\t\t\t\t\t<div class=\"elementor-element elementor-element-ec78c29 elementor-widget elementor-widget-heading\" data-id=\"ec78c29\" data-element_type=\"widget\" data-widget_type=\"heading.default\">\n\t\t\t\t<div class=\"elementor-widget-container\">\n\t\t\t<style>\/*! elementor - v3.14.0 - 26-06-2023 *\/\n.elementor-heading-title{padding:0;margin:0;line-height:1}.elementor-widget-heading .elementor-heading-title[class*=elementor-size-]>a{color:inherit;font-size:inherit;line-height:inherit}.elementor-widget-heading .elementor-heading-title.elementor-size-small{font-size:15px}.elementor-widget-heading .elementor-heading-title.elementor-size-medium{font-size:19px}.elementor-widget-heading .elementor-heading-title.elementor-size-large{font-size:29px}.elementor-widget-heading .elementor-heading-title.elementor-size-xl{font-size:39px}.elementor-widget-heading .elementor-heading-title.elementor-size-xxl{font-size:59px}<\/style><h2 class=\"elementor-heading-title elementor-size-default\">Recrutement de 01 Secr\u00e9taire de saisie<\/h2>\t\t<\/div>\n\t\t\t\t<\/div>\n\t\t\t\t\t<\/div>\n\t\t<\/div>\n\t\t\t\t\t\t\t<\/div>\n\t\t<\/section>\n\t\t\t\t<section class=\"elementor-section elementor-top-section elementor-element elementor-element-a87596e elementor-section-boxed elementor-section-height-default elementor-section-height-default\" data-id=\"a87596e\" data-element_type=\"section\">\n\t\t\t\t\t\t<div class=\"elementor-container elementor-column-gap-default\">\n\t\t\t\t\t<div class=\"elementor-column elementor-col-100 elementor-top-column elementor-element elementor-element-b28e2e5\" data-id=\"b28e2e5\" data-element_type=\"column\">\n\t\t\t<div class=\"elementor-widget-wrap elementor-element-populated\">\n\t\t\t\t\t\t\t\t<div class=\"elementor-element elementor-element-6ca3fa6 elementor-widget elementor-widget-text-editor\" data-id=\"6ca3fa6\" data-element_type=\"widget\" data-widget_type=\"text-editor.default\">\n\t\t\t\t<div class=\"elementor-widget-container\">\n\t\t\t<style>\/*! elementor - v3.14.0 - 26-06-2023 *\/\n.elementor-widget-text-editor.elementor-drop-cap-view-stacked .elementor-drop-cap{background-color:#69727d;color:#fff}.elementor-widget-text-editor.elementor-drop-cap-view-framed .elementor-drop-cap{color:#69727d;border:3px solid;background-color:transparent}.elementor-widget-text-editor:not(.elementor-drop-cap-view-default) .elementor-drop-cap{margin-top:8px}.elementor-widget-text-editor:not(.elementor-drop-cap-view-default) .elementor-drop-cap-letter{width:1em;height:1em}.elementor-widget-text-editor .elementor-drop-cap{float:left;text-align:center;line-height:1;font-size:50px}.elementor-widget-text-editor .elementor-drop-cap-letter{display:inline-block}<\/style>\t\t\t\t<div class=\"latest-tweets-head\"><h4><i>Offre expirant le 15-09-2023<\/i><\/h4><\/div><div class=\"accordionb\"><div class=\"paneh\"><div class=\"col-md-12\">Localit\u00e9 : Burkina Faso \/ Ouagadougou<br \/>Domaine :\u00a0Assistance de direction<br \/>Niveau :\u00a0BAC + 2<br \/>Entreprise recruteur :\u00a0Centre Parlementaire Panafricain et le Cabinet d&#8217;\u00e9tudes<br \/><br \/><h4>Poste \u00e0 pourvoir Secr\u00e9taire de saisie<br \/>Nombre de poste 01<br \/>Lieu d&#8217;affectation Ouagadougou<br \/>Structure recruteur Le Centre Parlementaire Panafricain et le Cabinet d&#8217;\u00e9tudes<br \/>Structure B\u00e9n\u00e9ficiaire Le Centre Parlementaire Panafricain et le Cabinet d&#8217;\u00e9tudes<br \/>Secteur activit\u00e9 Non pr\u00e9cise<br \/>Dipl\u00f4me ou niveau BTS\/DUT<br \/>Option du dipl\u00f4me Secr\u00e9tariat<br \/>Exp\u00e9riences 2 ans<br \/>Capacit\u00e9s li\u00e9es \u00e0 l&#8217;emploi voir la suite des conditions dans le journal LE PAYS du 07\/09\/2023<br \/>Connaissance en informatique NP<br \/>Condition d&#8217;\u00e2ge 20-40 ans<br \/>Composition du dossier NP<br \/>Date limite de dep\u00f4t des dossiers NP<br \/>Procedure de recrutement Pr\u00e9s\u00e9lection sur dossier\/autres<br \/>Dur\u00e9e du contrat NP<br \/>Source de l&#8217;offre Journal LE PAYS du 07\/09\/2023<\/h4><\/div><\/div><\/div>\t\t\t\t\t\t<\/div>\n\t\t\t\t<\/div>\n\t\t\t\t\t<\/div>\n\t\t<\/div>\n\t\t\t\t\t\t\t<\/div>\n\t\t<\/section>\n\t\t\t\t\t\t\t<\/div>\n\t\t","protected":false},"excerpt":{"rendered":"<p>Recrutement de 01 Secr\u00e9taire de saisie Offre expirant le 15-09-2023 Localit\u00e9 : Burkina Faso \/ OuagadougouDomaine :\u00a0Assistance de directionNiveau :\u00a0BAC + 2Entreprise recruteur :\u00a0Centre Parlementaire Panafricain et le Cabinet d&#8217;\u00e9tudes Poste \u00e0 pourvoir Secr\u00e9taire de saisieNombre de poste 01Lieu d&#8217;affectation OuagadougouStructure recruteur Le Centre Parlementaire Panafricain et le Cabinet d&#8217;\u00e9tudesStructure B\u00e9n\u00e9ficiaire Le Centre Parlementaire Panafricain&hellip;<\/p>\n","protected":false},"author":1,"featured_media":0,"parent":0,"menu_order":0,"comment_status":"closed","ping_status":"closed","template":"","meta":[],"_links":{"self":[{"href":"https:\/\/job.amd-veille.com\/index.php\/wp-json\/wp\/v2\/pages\/4319"}],"collection":[{"href":"https:\/\/job.amd-veille.com\/index.php\/wp-json\/wp\/v2\/pages"}],"about":[{"href":"https:\/\/job.amd-veille.com\/index.php\/wp-json\/wp\/v2\/types\/page"}],"author":[{"embeddable":true,"href":"https:\/\/job.amd-veille.com\/index.php\/wp-json\/wp\/v2\/users\/1"}],"replies":[{"embeddable":true,"href":"https:\/\/job.amd-veille.com\/index.php\/wp-json\/wp\/v2\/comments?post=4319"}],"version-history":[{"count":5,"href":"https:\/\/job.amd-veille.com\/index.php\/wp-json\/wp\/v2\/pages\/4319\/revisions"}],"predecessor-version":[{"id":4324,"href":"https:\/\/job.amd-veille.com\/index.php\/wp-json\/wp\/v2\/pages\/4319\/revisions\/4324"}],"wp:attachment":[{"href":"https:\/\/job.amd-veille.com\/index.php\/wp-json\/wp\/v2\/media?parent=4319"}],"curies":[{"name":"wp","href":"https:\/\/api.w.org\/{rel}","templated":true}]}}