{"id":4630,"date":"2023-10-02T09:30:53","date_gmt":"2023-10-02T09:30:53","guid":{"rendered":"https:\/\/job.amd-veille.com\/?page_id=4630"},"modified":"2023-10-02T09:45:36","modified_gmt":"2023-10-02T09:45:36","slug":"elementor-4630","status":"publish","type":"page","link":"https:\/\/job.amd-veille.com\/index.php\/elementor-4630\/","title":{"rendered":"Recrutement de 01 Archiviste"},"content":{"rendered":"\t\t<div data-elementor-type=\"wp-page\" data-elementor-id=\"4630\" class=\"elementor elementor-4630\">\n\t\t\t\t\t\t\t\t\t<section class=\"elementor-section elementor-top-section elementor-element elementor-element-434a14e elementor-section-boxed elementor-section-height-default elementor-section-height-default\" data-id=\"434a14e\" data-element_type=\"section\">\n\t\t\t\t\t\t<div class=\"elementor-container elementor-column-gap-default\">\n\t\t\t\t\t<div class=\"elementor-column elementor-col-100 elementor-top-column elementor-element elementor-element-88fafc7\" data-id=\"88fafc7\" data-element_type=\"column\">\n\t\t\t<div class=\"elementor-widget-wrap elementor-element-populated\">\n\t\t\t\t\t\t\t\t<div class=\"elementor-element elementor-element-3dddddf elementor-widget elementor-widget-heading\" data-id=\"3dddddf\" data-element_type=\"widget\" data-widget_type=\"heading.default\">\n\t\t\t\t<div class=\"elementor-widget-container\">\n\t\t\t<style>\/*! elementor - v3.14.0 - 26-06-2023 *\/\n.elementor-heading-title{padding:0;margin:0;line-height:1}.elementor-widget-heading .elementor-heading-title[class*=elementor-size-]>a{color:inherit;font-size:inherit;line-height:inherit}.elementor-widget-heading .elementor-heading-title.elementor-size-small{font-size:15px}.elementor-widget-heading .elementor-heading-title.elementor-size-medium{font-size:19px}.elementor-widget-heading .elementor-heading-title.elementor-size-large{font-size:29px}.elementor-widget-heading .elementor-heading-title.elementor-size-xl{font-size:39px}.elementor-widget-heading .elementor-heading-title.elementor-size-xxl{font-size:59px}<\/style><h2 class=\"elementor-heading-title elementor-size-default\">Recrutement de 01 Archiviste<\/h2>\t\t<\/div>\n\t\t\t\t<\/div>\n\t\t\t\t\t<\/div>\n\t\t<\/div>\n\t\t\t\t\t\t\t<\/div>\n\t\t<\/section>\n\t\t\t\t<section class=\"elementor-section elementor-top-section elementor-element elementor-element-be56a71 elementor-section-boxed elementor-section-height-default elementor-section-height-default\" data-id=\"be56a71\" data-element_type=\"section\">\n\t\t\t\t\t\t<div class=\"elementor-container elementor-column-gap-default\">\n\t\t\t\t\t<div class=\"elementor-column elementor-col-100 elementor-top-column elementor-element elementor-element-d32df98\" data-id=\"d32df98\" data-element_type=\"column\">\n\t\t\t<div class=\"elementor-widget-wrap elementor-element-populated\">\n\t\t\t\t\t\t\t\t<div class=\"elementor-element elementor-element-d7cf881 elementor-widget elementor-widget-text-editor\" data-id=\"d7cf881\" data-element_type=\"widget\" data-widget_type=\"text-editor.default\">\n\t\t\t\t<div class=\"elementor-widget-container\">\n\t\t\t<style>\/*! elementor - v3.14.0 - 26-06-2023 *\/\n.elementor-widget-text-editor.elementor-drop-cap-view-stacked .elementor-drop-cap{background-color:#69727d;color:#fff}.elementor-widget-text-editor.elementor-drop-cap-view-framed .elementor-drop-cap{color:#69727d;border:3px solid;background-color:transparent}.elementor-widget-text-editor:not(.elementor-drop-cap-view-default) .elementor-drop-cap{margin-top:8px}.elementor-widget-text-editor:not(.elementor-drop-cap-view-default) .elementor-drop-cap-letter{width:1em;height:1em}.elementor-widget-text-editor .elementor-drop-cap{float:left;text-align:center;line-height:1;font-size:50px}.elementor-widget-text-editor .elementor-drop-cap-letter{display:inline-block}<\/style>\t\t\t\t<div class=\"latest-tweets-head\"><h4><i>Offre expirant le 06-10-2023<\/i><\/h4><\/div><div class=\"accordionb\"><div class=\"paneh\"><div class=\"col-md-12\">Localit\u00e9 : Burkina Faso \/ Ouagadougou<br \/>Domaine :\u00a0Documentaliste<br \/>Niveau :\u00a0BAC + 2<br \/>Entreprise recruteur :\u00a0OCADES Caritas Burkina<br \/><span class=\"w8qArf\"><a class=\"fl\" href=\"https:\/\/www.google.com\/search?sca_esv=569971392&amp;sxsrf=AM9HkKkg3T_vFcmKJgNvt9bANAH0z0x9EQ:1696239021755&amp;q=ocades+burkina+adresse&amp;ludocid=17798737846574745579&amp;sa=X&amp;ved=2ahUKEwiR5eHihteBAxWrVqQEHfrxC4AQ6BN6BAgXEAI\" data-ved=\"2ahUKEwiR5eHihteBAxWrVqQEHfrxC4AQ6BN6BAgXEAI\">Adresse<\/a>\u00a0:\u00a0<\/span><span class=\"LrzXr\">9G55+F6P, Dagnoen, Ouagadougou<\/span><br \/><h2>Poste \u00e0 pourvoir Archiviste<br \/>Nombre de poste 01<br \/>Lieu d&#8217;affectation Kaya<br \/>Structure recruteur Le Secr\u00e9tariat Dioc\u00e9sain de Kaya\/OCADES CARITAS BURKINA<br \/>Structure B\u00e9n\u00e9ficiaire Le Secr\u00e9tariat Ex\u00e9cutif Kaya\/ OCADES CARITAS BURKINA<br \/>Secteur activit\u00e9 Activit\u00e9s de sant\u00e9 et d\u2019action sociale<br \/>Dipl\u00f4me ou niveau BAC+2<br \/>Option du dipl\u00f4me Gestion de l&#8217;information Documentation, option:archives<br \/>Exp\u00e9riences 2 ans<br \/>Capacit\u00e9s li\u00e9es \u00e0 l&#8217;emploi voir la suite des conditions dans le journal l&#8217;Observteur Paalga du 26\/09\/2023<br \/>Connaissance en informatique excellente ma\u00eetrise des logiciels bureautiques<br \/>Condition d&#8217;\u00e2ge 25-50 ans<br \/>Composition du dossier Une demande manuscrite adress\u00e9e au Secr\u00e9taire Ex\u00e9cutif de Kaya\/OCADES CARITAS BURKINA\/UN CV d\u00e9taill\u00e9 faisant ressortir vos exp\u00e9riences en lien avec le poste et contenant le nom de 3 personnes de r\u00e9f\u00e9rence n&#8217;ayant pas de relation de parent\u00e9\/un certificat de visite et de contre visite attestant que le candidat est apte pour un travail de terrain n\u00e9cessitant des d\u00e9placements \u00e0 moto(peut-\u00eatre obtenu \u00e0 l&#8217;OST)\/une lettre de motivation\/une photocopie l\u00e9galis\u00e9e de la pi\u00e8ce d&#8217;identit\u00e9 burkinab\u00e8\/les copies l\u00e9galis\u00e9es des dipl\u00f4mes et titres\/les copies des attestations de travail\/autres<br \/>Date limite de dep\u00f4t des dossiers 06\/10\/2023<br \/>Procedure de recrutement Pr\u00e9s\u00e9lection sur dossier\/test \u00e9crit\/informatique\/entretien avec un jury<br \/>Dur\u00e9e du contrat NP<\/h2><\/div><\/div><\/div>\t\t\t\t\t\t<\/div>\n\t\t\t\t<\/div>\n\t\t\t\t\t<\/div>\n\t\t<\/div>\n\t\t\t\t\t\t\t<\/div>\n\t\t<\/section>\n\t\t\t\t\t\t\t<\/div>\n\t\t","protected":false},"excerpt":{"rendered":"<p>Recrutement de 01 Archiviste Offre expirant le 06-10-2023 Localit\u00e9 : Burkina Faso \/ OuagadougouDomaine :\u00a0DocumentalisteNiveau :\u00a0BAC + 2Entreprise recruteur :\u00a0OCADES Caritas BurkinaAdresse\u00a0:\u00a09G55+F6P, Dagnoen, Ouagadougou Poste \u00e0 pourvoir ArchivisteNombre de poste 01Lieu d&#8217;affectation KayaStructure recruteur Le Secr\u00e9tariat Dioc\u00e9sain de Kaya\/OCADES CARITAS BURKINAStructure B\u00e9n\u00e9ficiaire Le Secr\u00e9tariat Ex\u00e9cutif Kaya\/ OCADES CARITAS BURKINASecteur activit\u00e9 Activit\u00e9s de sant\u00e9 et d\u2019action&hellip;<\/p>\n","protected":false},"author":1,"featured_media":0,"parent":0,"menu_order":0,"comment_status":"closed","ping_status":"closed","template":"","meta":[],"_links":{"self":[{"href":"https:\/\/job.amd-veille.com\/index.php\/wp-json\/wp\/v2\/pages\/4630"}],"collection":[{"href":"https:\/\/job.amd-veille.com\/index.php\/wp-json\/wp\/v2\/pages"}],"about":[{"href":"https:\/\/job.amd-veille.com\/index.php\/wp-json\/wp\/v2\/types\/page"}],"author":[{"embeddable":true,"href":"https:\/\/job.amd-veille.com\/index.php\/wp-json\/wp\/v2\/users\/1"}],"replies":[{"embeddable":true,"href":"https:\/\/job.amd-veille.com\/index.php\/wp-json\/wp\/v2\/comments?post=4630"}],"version-history":[{"count":8,"href":"https:\/\/job.amd-veille.com\/index.php\/wp-json\/wp\/v2\/pages\/4630\/revisions"}],"predecessor-version":[{"id":4638,"href":"https:\/\/job.amd-veille.com\/index.php\/wp-json\/wp\/v2\/pages\/4630\/revisions\/4638"}],"wp:attachment":[{"href":"https:\/\/job.amd-veille.com\/index.php\/wp-json\/wp\/v2\/media?parent=4630"}],"curies":[{"name":"wp","href":"https:\/\/api.w.org\/{rel}","templated":true}]}}

<div data-elementor-type="wp-page" data-elementor-id="4630" class="elementor elementor-4630">
									<section class="elementor-section elementor-top-section elementor-element elementor-element-434a14e elementor-section-boxed elementor-section-height-default elementor-section-height-default" data-id="434a14e" data-element_type="section">
						<div class="elementor-container elementor-column-gap-default">
					<div class="elementor-column elementor-col-100 elementor-top-column elementor-element elementor-element-88fafc7" data-id="88fafc7" data-element_type="column">
			<div class="elementor-widget-wrap elementor-element-populated">
								<div class="elementor-element elementor-element-3dddddf elementor-widget elementor-widget-heading" data-id="3dddddf" data-element_type="widget" data-widget_type="heading.default">
				<div class="elementor-widget-container">
			<style>/*! elementor - v3.14.0 - 26-06-2023 */
.elementor-heading-title{padding:0;margin:0;line-height:1}.elementor-widget-heading .elementor-heading-title[class*=elementor-size-]>a{color:inherit;font-size:inherit;line-height:inherit}.elementor-widget-heading .elementor-heading-title.elementor-size-small{font-size:15px}.elementor-widget-heading .elementor-heading-title.elementor-size-medium{font-size:19px}.elementor-widget-heading .elementor-heading-title.elementor-size-large{font-size:29px}.elementor-widget-heading .elementor-heading-title.elementor-size-xl{font-size:39px}.elementor-widget-heading .elementor-heading-title.elementor-size-xxl{font-size:59px}</style><h2 class="elementor-heading-title elementor-size-default">Recrutement de 01 Archiviste</h2>		</div>
				</div>
					</div>
		</div>
							</div>
		</section>
				<section class="elementor-section elementor-top-section elementor-element elementor-element-be56a71 elementor-section-boxed elementor-section-height-default elementor-section-height-default" data-id="be56a71" data-element_type="section">
						<div class="elementor-container elementor-column-gap-default">
					<div class="elementor-column elementor-col-100 elementor-top-column elementor-element elementor-element-d32df98" data-id="d32df98" data-element_type="column">
			<div class="elementor-widget-wrap elementor-element-populated">
								<div class="elementor-element elementor-element-d7cf881 elementor-widget elementor-widget-text-editor" data-id="d7cf881" data-element_type="widget" data-widget_type="text-editor.default">
				<div class="elementor-widget-container">
			<style>/*! elementor - v3.14.0 - 26-06-2023 */
.elementor-widget-text-editor.elementor-drop-cap-view-stacked .elementor-drop-cap{background-color:#69727d;color:#fff}.elementor-widget-text-editor.elementor-drop-cap-view-framed .elementor-drop-cap{color:#69727d;border:3px solid;background-color:transparent}.elementor-widget-text-editor:not(.elementor-drop-cap-view-default) .elementor-drop-cap{margin-top:8px}.elementor-widget-text-editor:not(.elementor-drop-cap-view-default) .elementor-drop-cap-letter{width:1em;height:1em}.elementor-widget-text-editor .elementor-drop-cap{float:left;text-align:center;line-height:1;font-size:50px}.elementor-widget-text-editor .elementor-drop-cap-letter{display:inline-block}</style>				<div class="latest-tweets-head"><h4><i>Offre expirant le 06-10-2023</i></h4></div><div class="accordionb"><div class="paneh"><div class="col-md-12">Localité : Burkina Faso / Ouagadougou<br />Domaine : Documentaliste<br />Niveau : BAC + 2<br />Entreprise recruteur : OCADES Caritas Burkina<br /><span class="w8qArf"><a class="fl" href="https://www.google.com/search?sca_esv=569971392&amp;sxsrf=AM9HkKkg3T_vFcmKJgNvt9bANAH0z0x9EQ:1696239021755&amp;q=ocades+burkina+adresse&amp;ludocid=17798737846574745579&amp;sa=X&amp;ved=2ahUKEwiR5eHihteBAxWrVqQEHfrxC4AQ6BN6BAgXEAI" data-ved="2ahUKEwiR5eHihteBAxWrVqQEHfrxC4AQ6BN6BAgXEAI">Adresse</a> : </span><span class="LrzXr">9G55+F6P, Dagnoen, Ouagadougou</span><br /><h2>Poste à pourvoir Archiviste<br />Nombre de poste 01<br />Lieu d&#8217;affectation Kaya<br />Structure recruteur Le Secrétariat Diocésain de Kaya/OCADES CARITAS BURKINA<br />Structure Bénéficiaire Le Secrétariat Exécutif Kaya/ OCADES CARITAS BURKINA<br />Secteur activité Activités de santé et d’action sociale<br />Diplôme ou niveau BAC+2<br />Option du diplôme Gestion de l&#8217;information Documentation, option:archives<br />Expériences 2 ans<br />Capacités liées à l&#8217;emploi voir la suite des conditions dans le journal l&#8217;Observteur Paalga du 26/09/2023<br />Connaissance en informatique excellente maîtrise des logiciels bureautiques<br />Condition d&#8217;âge 25-50 ans<br />Composition du dossier Une demande manuscrite adressée au Secrétaire Exécutif de Kaya/OCADES CARITAS BURKINA/UN CV détaillé faisant ressortir vos expériences en lien avec le poste et contenant le nom de 3 personnes de référence n&#8217;ayant pas de relation de parenté/un certificat de visite et de contre visite attestant que le candidat est apte pour un travail de terrain nécessitant des déplacements à moto(peut-être obtenu à l&#8217;OST)/une lettre de motivation/une photocopie légalisée de la pièce d&#8217;identité burkinabè/les copies légalisées des diplômes et titres/les copies des attestations de travail/autres<br />Date limite de depôt des dossiers 06/10/2023<br />Procedure de recrutement Présélection sur dossier/test écrit/informatique/entretien avec un jury<br />Durée du contrat NP</h2></div></div></div>						</div>
				</div>
					</div>
		</div>
							</div>
		</section>
							</div>

<p>Recrutement de 01 Archiviste Offre expirant le 06-10-2023 Localité : Burkina Faso / OuagadougouDomaine : DocumentalisteNiveau : BAC + 2Entreprise recruteur : OCADES Caritas BurkinaAdresse : 9G55+F6P, Dagnoen, Ouagadougou Poste à pourvoir ArchivisteNombre de poste 01Lieu d&#8217;affectation KayaStructure recruteur Le Secrétariat Diocésain de Kaya/OCADES CARITAS BURKINAStructure Bénéficiaire Le Secrétariat Exécutif Kaya/ OCADES CARITAS BURKINASecteur activité Activités de santé et d’action&hellip;</p>
