{"id":4677,"date":"2023-10-04T08:51:32","date_gmt":"2023-10-04T08:51:32","guid":{"rendered":"https:\/\/job.amd-veille.com\/?page_id=4677"},"modified":"2023-10-04T08:52:46","modified_gmt":"2023-10-04T08:52:46","slug":"elementor-4677","status":"publish","type":"page","link":"https:\/\/job.amd-veille.com\/index.php\/elementor-4677\/","title":{"rendered":"Recrutement de 01 OFFICIER DE LOGISTIQUE ET D&#8217;APPROVISIONNEMENT DE LA BASE &#8211; BASE"},"content":{"rendered":"\t\t<div data-elementor-type=\"wp-page\" data-elementor-id=\"4677\" class=\"elementor elementor-4677\">\n\t\t\t\t\t\t\t\t\t<section class=\"elementor-section elementor-top-section elementor-element elementor-element-90e2035 elementor-section-boxed elementor-section-height-default elementor-section-height-default\" data-id=\"90e2035\" data-element_type=\"section\">\n\t\t\t\t\t\t<div class=\"elementor-container elementor-column-gap-default\">\n\t\t\t\t\t<div class=\"elementor-column elementor-col-100 elementor-top-column elementor-element elementor-element-d0c8cce\" data-id=\"d0c8cce\" data-element_type=\"column\">\n\t\t\t<div class=\"elementor-widget-wrap elementor-element-populated\">\n\t\t\t\t\t\t\t\t<div class=\"elementor-element elementor-element-e663e2b elementor-widget elementor-widget-heading\" data-id=\"e663e2b\" data-element_type=\"widget\" data-widget_type=\"heading.default\">\n\t\t\t\t<div class=\"elementor-widget-container\">\n\t\t\t<style>\/*! elementor - v3.14.0 - 26-06-2023 *\/\n.elementor-heading-title{padding:0;margin:0;line-height:1}.elementor-widget-heading .elementor-heading-title[class*=elementor-size-]>a{color:inherit;font-size:inherit;line-height:inherit}.elementor-widget-heading .elementor-heading-title.elementor-size-small{font-size:15px}.elementor-widget-heading .elementor-heading-title.elementor-size-medium{font-size:19px}.elementor-widget-heading .elementor-heading-title.elementor-size-large{font-size:29px}.elementor-widget-heading .elementor-heading-title.elementor-size-xl{font-size:39px}.elementor-widget-heading .elementor-heading-title.elementor-size-xxl{font-size:59px}<\/style><h2 class=\"elementor-heading-title elementor-size-default\">Recrutement de 01 OFFICIER DE LOGISTIQUE ET D'APPROVISIONNEMENT DE LA BASE - BASE<\/h2>\t\t<\/div>\n\t\t\t\t<\/div>\n\t\t\t\t\t<\/div>\n\t\t<\/div>\n\t\t\t\t\t\t\t<\/div>\n\t\t<\/section>\n\t\t\t\t<section class=\"elementor-section elementor-top-section elementor-element elementor-element-1c1193b elementor-section-boxed elementor-section-height-default elementor-section-height-default\" data-id=\"1c1193b\" data-element_type=\"section\">\n\t\t\t\t\t\t<div class=\"elementor-container elementor-column-gap-default\">\n\t\t\t\t\t<div class=\"elementor-column elementor-col-100 elementor-top-column elementor-element elementor-element-e55211b\" data-id=\"e55211b\" data-element_type=\"column\">\n\t\t\t<div class=\"elementor-widget-wrap elementor-element-populated\">\n\t\t\t\t\t\t\t\t<div class=\"elementor-element elementor-element-a3c1da5 elementor-widget elementor-widget-text-editor\" data-id=\"a3c1da5\" data-element_type=\"widget\" data-widget_type=\"text-editor.default\">\n\t\t\t\t<div class=\"elementor-widget-container\">\n\t\t\t<style>\/*! elementor - v3.14.0 - 26-06-2023 *\/\n.elementor-widget-text-editor.elementor-drop-cap-view-stacked .elementor-drop-cap{background-color:#69727d;color:#fff}.elementor-widget-text-editor.elementor-drop-cap-view-framed .elementor-drop-cap{color:#69727d;border:3px solid;background-color:transparent}.elementor-widget-text-editor:not(.elementor-drop-cap-view-default) .elementor-drop-cap{margin-top:8px}.elementor-widget-text-editor:not(.elementor-drop-cap-view-default) .elementor-drop-cap-letter{width:1em;height:1em}.elementor-widget-text-editor .elementor-drop-cap{float:left;text-align:center;line-height:1;font-size:50px}.elementor-widget-text-editor .elementor-drop-cap-letter{display:inline-block}<\/style>\t\t\t\t<div class=\"latest-tweets-head\"><h4><i>Offre expirant le 19-10-2023<\/i><\/h4><\/div><div class=\"accordionb\"><div class=\"paneh\"><div class=\"col-md-12\">Localit\u00e9 : Burkina Faso \/ Ouagadougou<br \/>Domaine :\u00a0Transport et Logistique<br \/>Niveau :\u00a0BAC + 3<br \/>Entreprise recruteur :\u00a0INTERSOS<br \/>Adresse : 9GHJ+PV8, rue 28.284, Dassasgo, Ouagadougou<br \/>T\u00e9l\u00e9phone : 76 37 72 60<br \/><h2>Poste \u00e0 pourvoir OFFICIER DE LOGISTIQUE ET D&#8217;APPROVISIONNEMENT DE LA BASE &#8211; BASE<br \/>Nombre de poste 01<br \/>Lieu d&#8217;affectation Ouahigouya, r\u00e9gion du Nord<br \/>Structure recruteur INTERSOS<br \/>Structure B\u00e9n\u00e9ficiaire INTERSOS<br \/>Secteur activit\u00e9 Activit\u00e9s de sant\u00e9 et d\u2019action sociale<br \/>Dipl\u00f4me ou niveau BAC+3<br \/>Option du dipl\u00f4me en Transport Logistique Approvisionnement ou tout autre dipl\u00f4me \u00e9quivalent<br \/>Exp\u00e9riences 1 an<br \/>Capacit\u00e9s li\u00e9es \u00e0 l&#8217;emploi<br \/>AVIS DE VACANCE DE POSTE<br \/>INTERSOS\/2023-10 Recrutement interne et externe<br \/>DATE DE PUBLICATION : 02 Octobre 2023<br \/>DATE LIMITE : 19 Octobre 2023<br \/><br \/>CONTEXTE<br \/>INTERSOS est une organisation humanitaire \u00e0 but non lucratif ayant pour r\u00f4le de venir en aide aux personnes en danger, aux victimes de catastrophes naturelles et de conflits arm\u00e9s. Cr\u00e9\u00e9e en 1992, ses actions reposent sur les valeurs de solidarit\u00e9, de justice, de dignit\u00e9 humaine, d\u2019\u00e9galit\u00e9 des droits et des chances pour tous ainsi que sur le respect de la diversit\u00e9 et de la coexistence, en accordant une attention particuli\u00e8re aux plus vuln\u00e9rables et \u00e0 ceux ayant besoin de protection<br \/>INTERSOS intervient dans les situations d\u2019urgence et de crise afin de venir en aide aux personnes, aux familles et aux communaut\u00e9s dont les vies sont menac\u00e9es par les conflits, l\u2019extr\u00eame pauvret\u00e9, les catastrophes naturelles ou caus\u00e9es par l\u2019homme. Elle le fait en offrant son support durant les urgences humanitaires, en fonction de ses capacit\u00e9s op\u00e9rationnelles ainsi que de ses ressources. Le travail du personnel d\u2019INTERSOS est guid\u00e9 par :<br \/>1. La charte des Valeurs de l\u2019organisation<br \/>2. Les principes humanitaires : humanit\u00e9, neutralit\u00e9, impartialit\u00e9 et ind\u00e9pendance<br \/>INTERSOS travaille dans le respect absolu des principes de la D\u00e9claration Universelle et de la Convention Europ\u00e9enne des droits de l\u2019homme. Elle ne fait aucune distinction ou discrimination fond\u00e9es sur la race, le genre, la religion, la nationalit\u00e9, l\u2019origine ethnique ou sociale des personnes qui ont besoin d\u2019aide.<br \/>INTERSOS place toujours au c\u0153ur de ses activit\u00e9s la valeur et la dignit\u00e9 de l\u2019\u00eatre humain. C\u2019est pour cette raison que, d\u00e8s le d\u00e9but, elle fait participer la population locale et les communaut\u00e9s \u00e0 ses activit\u00e9s, tout en valorisant et en d\u00e9veloppant les capacit\u00e9s et les comp\u00e9tences des individus et des communaut\u00e9s et en supprimant graduellement la d\u00e9pendance vis-\u00e0-vis de l\u2019aide ext\u00e9rieure. Le rapport avec les populations se base sur l\u2019\u00e9coute, le dialogue, la confrontation, la participation.<br \/>INTERSOS au Burkina Faso<br \/>INTERSOS, recherche des candidatures pour le poste de :<br \/><br \/>Poste 4 OFFICIER DE LOGISTIQUE ET D&#8217;APPROVISIONNEMENT DE LA BASE &#8211; BASE LOGISTICS AND SUPPLY OFFICER<br \/>Bas\u00e9 \u00e0 Ouahigouya avec une intervention dans toute la region du NORD<br \/>Objectif principal<br \/>R\u00e9aliser ou superviser toutes les activit\u00e9s de logistique, d&#8217;approvisionnement et d&#8217;ITC dans la base et les projets associ\u00e9s selon les normes et protocoles INTERSOS afin de disposer du mat\u00e9riel, des infrastructures et des v\u00e9hicules dans des conditions de fonctionnement optimales.<br \/>Planifier, superviser et g\u00e9rer les op\u00e9rations de logistique et de soutien \u00e0 l&#8217;approvisionnement pour assurer le bon d\u00e9roulement des activit\u00e9s de la base\/du projet.<br \/><br \/>Faire rapport \u00e0 :<br \/>(Hi\u00e9rarchique) : Pays Responsable Logistique (en absence de CLM &#8211; Coordonnateur Logistique et Approvisionnement Pays)<br \/>(Technique) : Responsable\/superviseur de l&#8217;approvisionnement du pays (le cas \u00e9ch\u00e9ant)<br \/>T\u00e2ches<br \/>Gestion des informations logistiques<br \/>\u25cf Saisir les donn\u00e9es logistiques dans le logiciel INTERSOS Logistics (Intersos Management Platform &#8211; IMP) de mani\u00e8re pr\u00e9cise et en temps opportun. Fournir une formation au personnel de la base si n\u00e9cessaire et soutenir la mise en \u0153uvre du logiciel INTERSOS Logistics dans la mission.<br \/><br \/>Gestion de la cha\u00eene d&#8217;approvisionnement et approvisionnement<br \/>\u25cf Planifier, coordonner et superviser les activit\u00e9s d&#8217;approvisionnement de la base et d\u00e9finir le niveau de priorit\u00e9. Mettre en \u0153uvre les outils et proc\u00e9dures ad\u00e9quats<br \/>\u25cf Effectuer les achats locaux (RFQ et Achat Direct) de biens et services dans le respect des exigences INTERSOS et des donateurs et s&#8217;assurer que le sup\u00e9rieur hi\u00e9rarchique est au courant de tout probl\u00e8me li\u00e9 \u00e0 la qualit\u00e9 ou \u00e0 la disponibilit\u00e9 des articles \u00e0 acheter.<br \/>\u25cf Suivre les paiements de tous les fournisseurs et collecter aupr\u00e8s d&#8217;eux toutes les pi\u00e8ces justificatives n\u00e9cessaires, c&#8217;est-\u00e0-dire les re\u00e7us et les bons de livraison. Assurez-vous avant tout paiement que tous les originaux sont au bureau de coordination<br \/>\u25cf Soutenir le responsable de l&#8217;approvisionnement du pays ou le coordinateur\/responsable de la logistique du pays pour garantir que tous les achats sont termin\u00e9s sur IMP et que tous les documents n\u00e9cessaires sont t\u00e9l\u00e9charg\u00e9s et correctement archiv\u00e9s dans le service financier.<br \/>\u25cf En collaboration avec le coordinateur logistique pays\/responsable des approvisionnements et le PM. Est responsable de l&#8217;utilisation efficace de l&#8217;IMS et de la comptabilit\u00e9 des stocks.<br \/>\u25cf Suivre le plan d&#8217;approvisionnement d\u00e9fini et coordonner les achats locaux avec le personnel du projet<br \/>\u25cf Soumettre les demandes d&#8217;achat au Country Supply Manager pour les ITB et les appels d&#8217;offres et\/ou tout autre achat qui ne peut pas \u00eatre effectu\u00e9 localement.<br \/>\u25cf Faciliter la n\u00e9gociation avec les acheteurs locaux et entretenir de bonnes relations avec les fournisseurs<br \/>\u25cf Ex\u00e9cuter des \u00e9valuations de march\u00e9 et mettre \u00e0 jour les listes de fournisseurs pr\u00e9-qualifi\u00e9s<br \/>\u25cf Mettre \u00e0 jour tous les dossiers des fournisseurs et s&#8217;assurer que toutes les formations li\u00e9es au fournisseur ont \u00e9t\u00e9 enti\u00e8rement mises \u00e0 jour sur l&#8217;IMP.<br \/>\u25cf Collaborer \u00e0 la pr\u00e9paration du rapport logistique mensuel<br \/>Gestion des installations et des communications<br \/>\u25cf Assurer l&#8217;installation et l&#8217;entretien d&#8217;espaces de bureaux fonctionnels et d&#8217;installations de maisons d&#8217;h\u00f4tes dans des conditions de vie ad\u00e9quates et conform\u00e9ment aux normes minimales INTERSOS et au manuel d&#8217;identit\u00e9 de la marque. Veiller \u00e0 l&#8217;application des mesures de s\u00fbret\u00e9 et de s\u00e9curit\u00e9 d\u00e9finies et effectuer des visites d&#8217;inspection pour \u00e9valuer les besoins de r\u00e9habilitation des installations<br \/>\u25cf Veiller \u00e0 ce que les installations disposent d&#8217;une infrastructure et d&#8217;un \u00e9quipement informatique et de communication appropri\u00e9s pour soutenir les plates-formes logicielles INTERSOS et conform\u00e9ment aux politiques et proc\u00e9dures &#8211; permettant une communication permanente entre le capital, les projets, les bases et le si\u00e8ge et une bonne gestion des bases. Garantit que tout le personnel de la mission b\u00e9n\u00e9ficie d&#8217;une formation appropri\u00e9e sur la fa\u00e7on d&#8217;utiliser les \u00e9quipements de communication disponibles (par exemple, t\u00e9l\u00e9phones satellite, radios HF\/VHF, ordinateurs, etc.)<br \/>La gestion d&#8217;actifs<br \/>\u25cf Assistance pour l&#8217;achat, l&#8217;utilisation et la maintenance des actifs informatiques, des \u00e9quipements de bureau et de projet et des outils de communication, tout en garantissant que tous les actifs de base enregistr\u00e9s dans IMP sont document\u00e9s, dot\u00e9s de num\u00e9ros d&#8217;actifs INTERSOS uniques, \u00e9tiquet\u00e9s et enregistr\u00e9s conform\u00e9ment aux politiques et proc\u00e9dures de gestion des actifs.<br \/>\u25cf Soutenir le CLC\/CLM dans le reporting de la liste des actifs \u00e0 la fin du projet et superviser le roulement des actifs selon la destination d\u00e9finie avec le d\u00e9partement des programmes.<br \/>\u25cf Superviser le contr\u00f4le r\u00e9gulier des immobilisations sur une base trimestrielle<br \/>Gestion des transports<br \/>\u25cf Veiller \u00e0 ce que le mod\u00e8le de gestion de flotte INTERSOS, les protocoles de s\u00e9curit\u00e9 des mouvements et le manuel d&#8217;identit\u00e9 de marque soient appliqu\u00e9s dans la base, que la flotte soit v\u00e9rifi\u00e9e, r\u00e9guli\u00e8rement entretenue et que les v\u00e9hicules soient assur\u00e9s et que les taxes soient pay\u00e9es.<br \/>\u25cf Suivi du suivi appropri\u00e9 de la consommation de carburant et de l&#8217;utilisation du journal de bord du v\u00e9hicule, du journal d&#8217;entretien, du journal d&#8217;huile et d&#8217;autres formats et mod\u00e8les de flotte par le personnel logistique sur le terrain. Veiller \u00e0 ce que la documentation appropri\u00e9e des v\u00e9hicules (c.-\u00e0-d. location, assurance, inspection m\u00e9canique, etc.) soit correctement trait\u00e9e par le personnel logistique<br \/>\u25cf Planifier les mouvements des v\u00e9hicules, suivre les d\u00e9placements individuels et assurer la mise en \u0153uvre des mesures de s\u00e9curit\u00e9<br \/>Gestion des ressources humaines<br \/>\u25cf Surveiller les activit\u00e9s des entrepreneurs et de l&#8217;\u00e9quipe sous sa responsabilit\u00e9<br \/>S\u00e9curit\u00e9 appliqu\u00e9e<br \/>\u25cf Surveiller les aspects techniques de la politique de r\u00e9duction des risques du projet, du transport, de la communication, de la protection, de l&#8217;identification et de la pr\u00e9paration des aspects techniques de la politique et des directives de s\u00e9curit\u00e9, du plan d&#8217;\u00e9vacuation et du plan d&#8217;urgence, en surveillant au quotidien l&#8217;application des r\u00e8gles de s\u00e9curit\u00e9 et en rendant compte au CLC\/CLM et Chef de Mission tout probl\u00e8me qui pourrait survenir. \u00c0 cette fin, l&#8217;officier de logistique de la base doit cr\u00e9er un environnement appropri\u00e9 pour faciliter l&#8217;\u00e9change s\u00e9curis\u00e9 d&#8217;informations.<br \/><br \/>Exigences<br \/>\u25cf Avoir un BAC+3 en Transport Logistique Approvisionnement ou tout autre dipl\u00f4me \u00e9quivalent<br \/>\u25cf Enseignement secondaire essentiel et formation technique formelle. Des certifications dans le domaine seraient un atout<br \/>\u25cf 1 an d&#8217;exp\u00e9rience en logistique et\/ou supply chain<br \/>\u25cf Exp\u00e9rience souhaitable avec d&#8217;autres ONG<br \/>\u25cf Langue de mission essentielle. Langue de travail locale souhaitable<br \/>\u25cf Connaissances essentielles en informatique (Word, Excel et Internet) et connaissances des utilisateurs d&#8217;\u00e9quipements radio.<br \/>\u25cf Orientation vers les services<br \/>\u25cf Flexibilit\u00e9 comportementale<br \/>\u25cf Orientation r\u00e9sultats et qualit\u00e9<br \/>\u25cf Travail d&#8217;\u00e9quipe et coop\u00e9ration<br \/>\u25cf La gestion du stress<br \/>\u25cf Engagement envers les principes INTERSOS<br \/><br \/>Les personnes postulants aux offres d\u2019INTERSOS adh\u00e8rent aux politiques et valeurs mis en place et s\u2019engagent au respect des chartes de protection de l\u2019enfance et contre les abus sexuels et affirment accepter les principes g\u00e9n\u00e9raux humanitaires.<br \/>Connaissance en informatique<br \/>Condition d&#8217;\u00e2ge<br \/>Composition du dossier<br \/>Nous nous r\u00e9servons le droit de cl\u00f4turer l\u2019offre si nous trouvons des candidatures satisfaisantes avant la date limite<br \/>Les candidatures f\u00e9minines sont fortement encourag\u00e9es<br \/>Date limite de dep\u00f4t des dossiers 19\/10\/2023<br \/>Procedure de recrutement NP<br \/>Dur\u00e9e du contrat CDD<\/h2><\/div><\/div><\/div>\t\t\t\t\t\t<\/div>\n\t\t\t\t<\/div>\n\t\t\t\t\t<\/div>\n\t\t<\/div>\n\t\t\t\t\t\t\t<\/div>\n\t\t<\/section>\n\t\t\t\t\t\t\t<\/div>\n\t\t","protected":false},"excerpt":{"rendered":"<p>Recrutement de 01 OFFICIER DE LOGISTIQUE ET D&#8217;APPROVISIONNEMENT DE LA BASE &#8211; BASE Offre expirant le 19-10-2023 Localit\u00e9 : Burkina Faso \/ OuagadougouDomaine :\u00a0Transport et LogistiqueNiveau :\u00a0BAC + 3Entreprise recruteur :\u00a0INTERSOSAdresse : 9GHJ+PV8, rue 28.284, Dassasgo, OuagadougouT\u00e9l\u00e9phone : 76 37 72 60 Poste \u00e0 pourvoir OFFICIER DE LOGISTIQUE ET D&#8217;APPROVISIONNEMENT DE LA BASE &#8211; BASENombre&hellip;<\/p>\n","protected":false},"author":1,"featured_media":0,"parent":0,"menu_order":0,"comment_status":"closed","ping_status":"closed","template":"","meta":[],"_links":{"self":[{"href":"https:\/\/job.amd-veille.com\/index.php\/wp-json\/wp\/v2\/pages\/4677"}],"collection":[{"href":"https:\/\/job.amd-veille.com\/index.php\/wp-json\/wp\/v2\/pages"}],"about":[{"href":"https:\/\/job.amd-veille.com\/index.php\/wp-json\/wp\/v2\/types\/page"}],"author":[{"embeddable":true,"href":"https:\/\/job.amd-veille.com\/index.php\/wp-json\/wp\/v2\/users\/1"}],"replies":[{"embeddable":true,"href":"https:\/\/job.amd-veille.com\/index.php\/wp-json\/wp\/v2\/comments?post=4677"}],"version-history":[{"count":5,"href":"https:\/\/job.amd-veille.com\/index.php\/wp-json\/wp\/v2\/pages\/4677\/revisions"}],"predecessor-version":[{"id":4682,"href":"https:\/\/job.amd-veille.com\/index.php\/wp-json\/wp\/v2\/pages\/4677\/revisions\/4682"}],"wp:attachment":[{"href":"https:\/\/job.amd-veille.com\/index.php\/wp-json\/wp\/v2\/media?parent=4677"}],"curies":[{"name":"wp","href":"https:\/\/api.w.org\/{rel}","templated":true}]}}