{"id":4772,"date":"2023-10-09T09:06:57","date_gmt":"2023-10-09T09:06:57","guid":{"rendered":"https:\/\/job.amd-veille.com\/?page_id=4772"},"modified":"2023-10-09T09:11:18","modified_gmt":"2023-10-09T09:11:18","slug":"elementor-4772","status":"publish","type":"page","link":"https:\/\/job.amd-veille.com\/index.php\/elementor-4772\/","title":{"rendered":"Recrutement de stagiaire charg\u00e9(e) du support informatique"},"content":{"rendered":"\t\t<div data-elementor-type=\"wp-page\" data-elementor-id=\"4772\" class=\"elementor elementor-4772\">\n\t\t\t\t\t\t\t\t\t<section class=\"elementor-section elementor-top-section elementor-element elementor-element-b16ed5b elementor-section-boxed elementor-section-height-default elementor-section-height-default\" data-id=\"b16ed5b\" data-element_type=\"section\">\n\t\t\t\t\t\t<div class=\"elementor-container elementor-column-gap-default\">\n\t\t\t\t\t<div class=\"elementor-column elementor-col-100 elementor-top-column elementor-element elementor-element-7b953b0\" data-id=\"7b953b0\" data-element_type=\"column\">\n\t\t\t<div class=\"elementor-widget-wrap elementor-element-populated\">\n\t\t\t\t\t\t\t\t<div class=\"elementor-element elementor-element-9cee8a4 elementor-widget elementor-widget-heading\" data-id=\"9cee8a4\" data-element_type=\"widget\" data-widget_type=\"heading.default\">\n\t\t\t\t<div class=\"elementor-widget-container\">\n\t\t\t<style>\/*! elementor - v3.14.0 - 26-06-2023 *\/\n.elementor-heading-title{padding:0;margin:0;line-height:1}.elementor-widget-heading .elementor-heading-title[class*=elementor-size-]>a{color:inherit;font-size:inherit;line-height:inherit}.elementor-widget-heading .elementor-heading-title.elementor-size-small{font-size:15px}.elementor-widget-heading .elementor-heading-title.elementor-size-medium{font-size:19px}.elementor-widget-heading .elementor-heading-title.elementor-size-large{font-size:29px}.elementor-widget-heading .elementor-heading-title.elementor-size-xl{font-size:39px}.elementor-widget-heading .elementor-heading-title.elementor-size-xxl{font-size:59px}<\/style><h2 class=\"elementor-heading-title elementor-size-default\">Recrutement de stagiaire charg\u00e9(e) du support informatique<\/h2>\t\t<\/div>\n\t\t\t\t<\/div>\n\t\t\t\t\t<\/div>\n\t\t<\/div>\n\t\t\t\t\t\t\t<\/div>\n\t\t<\/section>\n\t\t\t\t<section class=\"elementor-section elementor-top-section elementor-element elementor-element-f970f2d elementor-section-boxed elementor-section-height-default elementor-section-height-default\" data-id=\"f970f2d\" data-element_type=\"section\">\n\t\t\t\t\t\t<div class=\"elementor-container elementor-column-gap-default\">\n\t\t\t\t\t<div class=\"elementor-column elementor-col-100 elementor-top-column elementor-element elementor-element-f488540\" data-id=\"f488540\" data-element_type=\"column\">\n\t\t\t<div class=\"elementor-widget-wrap elementor-element-populated\">\n\t\t\t\t\t\t\t\t<div class=\"elementor-element elementor-element-3c2519c elementor-widget elementor-widget-text-editor\" data-id=\"3c2519c\" data-element_type=\"widget\" data-widget_type=\"text-editor.default\">\n\t\t\t\t<div class=\"elementor-widget-container\">\n\t\t\t<style>\/*! elementor - v3.14.0 - 26-06-2023 *\/\n.elementor-widget-text-editor.elementor-drop-cap-view-stacked .elementor-drop-cap{background-color:#69727d;color:#fff}.elementor-widget-text-editor.elementor-drop-cap-view-framed .elementor-drop-cap{color:#69727d;border:3px solid;background-color:transparent}.elementor-widget-text-editor:not(.elementor-drop-cap-view-default) .elementor-drop-cap{margin-top:8px}.elementor-widget-text-editor:not(.elementor-drop-cap-view-default) .elementor-drop-cap-letter{width:1em;height:1em}.elementor-widget-text-editor .elementor-drop-cap{float:left;text-align:center;line-height:1;font-size:50px}.elementor-widget-text-editor .elementor-drop-cap-letter{display:inline-block}<\/style>\t\t\t\t<h4>Stagiaire charg\u00e9(e) du support informatique<br \/>Profil : BAC+3 informatique ; <br \/>Comp\u00e9tences\/aptitude : Maitriser les r\u00e9seaux et la maintenance informatiques ; avoir des notions en applications mobiles, sites web, et base de donn\u00e9es relationnelles (MySQL).<\/h4><h4>NB : Les stages ont une dur\u00e9e de 03 \u00e0 06 mois maximum. Les candidats retenus au poste de stagiaire, pourront signer des contrats CDI ou CDD en fin de p\u00e9riode si le stage se montre concluant.<\/h4><h4>Tous les candidats devront envoyer leur CV \u00e0 l\u2019adresse oasis.burkina@gmail.com avant le mardi 11 octobre 2023.<br \/>Seuls les candidats pr\u00e9s\u00e9lectionn\u00e9s seront convi\u00e9s pour un entretien avant la s\u00e9lection\u00a0d\u00e9finitive.<\/h4>\t\t\t\t\t\t<\/div>\n\t\t\t\t<\/div>\n\t\t\t\t\t<\/div>\n\t\t<\/div>\n\t\t\t\t\t\t\t<\/div>\n\t\t<\/section>\n\t\t\t\t\t\t\t<\/div>\n\t\t","protected":false},"excerpt":{"rendered":"<p>Recrutement de stagiaire charg\u00e9(e) du support informatique Stagiaire charg\u00e9(e) du support informatiqueProfil : BAC+3 informatique ; Comp\u00e9tences\/aptitude : Maitriser les r\u00e9seaux et la maintenance informatiques ; avoir des notions en applications mobiles, sites web, et base de donn\u00e9es relationnelles (MySQL). NB : Les stages ont une dur\u00e9e de 03 \u00e0 06 mois maximum. Les candidats&hellip;<\/p>\n","protected":false},"author":1,"featured_media":0,"parent":0,"menu_order":0,"comment_status":"closed","ping_status":"closed","template":"","meta":[],"_links":{"self":[{"href":"https:\/\/job.amd-veille.com\/index.php\/wp-json\/wp\/v2\/pages\/4772"}],"collection":[{"href":"https:\/\/job.amd-veille.com\/index.php\/wp-json\/wp\/v2\/pages"}],"about":[{"href":"https:\/\/job.amd-veille.com\/index.php\/wp-json\/wp\/v2\/types\/page"}],"author":[{"embeddable":true,"href":"https:\/\/job.amd-veille.com\/index.php\/wp-json\/wp\/v2\/users\/1"}],"replies":[{"embeddable":true,"href":"https:\/\/job.amd-veille.com\/index.php\/wp-json\/wp\/v2\/comments?post=4772"}],"version-history":[{"count":5,"href":"https:\/\/job.amd-veille.com\/index.php\/wp-json\/wp\/v2\/pages\/4772\/revisions"}],"predecessor-version":[{"id":4777,"href":"https:\/\/job.amd-veille.com\/index.php\/wp-json\/wp\/v2\/pages\/4772\/revisions\/4777"}],"wp:attachment":[{"href":"https:\/\/job.amd-veille.com\/index.php\/wp-json\/wp\/v2\/media?parent=4772"}],"curies":[{"name":"wp","href":"https:\/\/api.w.org\/{rel}","templated":true}]}}

Recrutement de stagiaire chargé(e) du support informatique

<div data-elementor-type="wp-page" data-elementor-id="4772" class="elementor elementor-4772">
									<section class="elementor-section elementor-top-section elementor-element elementor-element-b16ed5b elementor-section-boxed elementor-section-height-default elementor-section-height-default" data-id="b16ed5b" data-element_type="section">
						<div class="elementor-container elementor-column-gap-default">
					<div class="elementor-column elementor-col-100 elementor-top-column elementor-element elementor-element-7b953b0" data-id="7b953b0" data-element_type="column">
			<div class="elementor-widget-wrap elementor-element-populated">
								<div class="elementor-element elementor-element-9cee8a4 elementor-widget elementor-widget-heading" data-id="9cee8a4" data-element_type="widget" data-widget_type="heading.default">
				<div class="elementor-widget-container">
			<style>/*! elementor - v3.14.0 - 26-06-2023 */
.elementor-heading-title{padding:0;margin:0;line-height:1}.elementor-widget-heading .elementor-heading-title[class*=elementor-size-]>a{color:inherit;font-size:inherit;line-height:inherit}.elementor-widget-heading .elementor-heading-title.elementor-size-small{font-size:15px}.elementor-widget-heading .elementor-heading-title.elementor-size-medium{font-size:19px}.elementor-widget-heading .elementor-heading-title.elementor-size-large{font-size:29px}.elementor-widget-heading .elementor-heading-title.elementor-size-xl{font-size:39px}.elementor-widget-heading .elementor-heading-title.elementor-size-xxl{font-size:59px}</style><h2 class="elementor-heading-title elementor-size-default">Recrutement de stagiaire chargé(e) du support informatique</h2>		</div>
				</div>
					</div>
		</div>
							</div>
		</section>
				<section class="elementor-section elementor-top-section elementor-element elementor-element-f970f2d elementor-section-boxed elementor-section-height-default elementor-section-height-default" data-id="f970f2d" data-element_type="section">
						<div class="elementor-container elementor-column-gap-default">
					<div class="elementor-column elementor-col-100 elementor-top-column elementor-element elementor-element-f488540" data-id="f488540" data-element_type="column">
			<div class="elementor-widget-wrap elementor-element-populated">
								<div class="elementor-element elementor-element-3c2519c elementor-widget elementor-widget-text-editor" data-id="3c2519c" data-element_type="widget" data-widget_type="text-editor.default">
				<div class="elementor-widget-container">
			<style>/*! elementor - v3.14.0 - 26-06-2023 */
.elementor-widget-text-editor.elementor-drop-cap-view-stacked .elementor-drop-cap{background-color:#69727d;color:#fff}.elementor-widget-text-editor.elementor-drop-cap-view-framed .elementor-drop-cap{color:#69727d;border:3px solid;background-color:transparent}.elementor-widget-text-editor:not(.elementor-drop-cap-view-default) .elementor-drop-cap{margin-top:8px}.elementor-widget-text-editor:not(.elementor-drop-cap-view-default) .elementor-drop-cap-letter{width:1em;height:1em}.elementor-widget-text-editor .elementor-drop-cap{float:left;text-align:center;line-height:1;font-size:50px}.elementor-widget-text-editor .elementor-drop-cap-letter{display:inline-block}</style>				<h4>Stagiaire chargé(e) du support informatique<br />Profil : BAC+3 informatique ; <br />Compétences/aptitude : Maitriser les réseaux et la maintenance informatiques ; avoir des notions en applications mobiles, sites web, et base de données relationnelles (MySQL).</h4><h4>NB : Les stages ont une durée de 03 à 06 mois maximum. Les candidats retenus au poste de stagiaire, pourront signer des contrats CDI ou CDD en fin de période si le stage se montre concluant.</h4><h4>Tous les candidats devront envoyer leur CV à l’adresse oasis.burkina@gmail.com avant le mardi 11 octobre 2023.<br />Seuls les candidats présélectionnés seront conviés pour un entretien avant la sélection définitive.</h4>						</div>
				</div>
					</div>
		</div>
							</div>
		</section>
							</div>

<p>Recrutement de stagiaire chargé(e) du support informatique Stagiaire chargé(e) du support informatiqueProfil : BAC+3 informatique ; Compétences/aptitude : Maitriser les réseaux et la maintenance informatiques ; avoir des notions en applications mobiles, sites web, et base de données relationnelles (MySQL). NB : Les stages ont une durée de 03 à 06 mois maximum. Les candidats&hellip;</p>
