{"id":4805,"date":"2023-10-10T10:01:55","date_gmt":"2023-10-10T10:01:55","guid":{"rendered":"https:\/\/job.amd-veille.com\/?page_id=4805"},"modified":"2023-10-10T10:04:03","modified_gmt":"2023-10-10T10:04:03","slug":"elementor-4805","status":"publish","type":"page","link":"https:\/\/job.amd-veille.com\/index.php\/elementor-4805\/","title":{"rendered":"Recrutement de 01 ASSITANT(E) FINANCIER(E) ET COMPTABLE"},"content":{"rendered":"\t\t<div data-elementor-type=\"wp-page\" data-elementor-id=\"4805\" class=\"elementor elementor-4805\">\n\t\t\t\t\t\t\t\t\t<section class=\"elementor-section elementor-top-section elementor-element elementor-element-c6d55fa elementor-section-boxed elementor-section-height-default elementor-section-height-default\" data-id=\"c6d55fa\" data-element_type=\"section\">\n\t\t\t\t\t\t<div class=\"elementor-container elementor-column-gap-default\">\n\t\t\t\t\t<div class=\"elementor-column elementor-col-100 elementor-top-column elementor-element elementor-element-428759f\" data-id=\"428759f\" data-element_type=\"column\">\n\t\t\t<div class=\"elementor-widget-wrap elementor-element-populated\">\n\t\t\t\t\t\t\t\t<div class=\"elementor-element elementor-element-7763031 elementor-widget elementor-widget-heading\" data-id=\"7763031\" data-element_type=\"widget\" data-widget_type=\"heading.default\">\n\t\t\t\t<div class=\"elementor-widget-container\">\n\t\t\t<style>\/*! elementor - v3.14.0 - 26-06-2023 *\/\n.elementor-heading-title{padding:0;margin:0;line-height:1}.elementor-widget-heading .elementor-heading-title[class*=elementor-size-]>a{color:inherit;font-size:inherit;line-height:inherit}.elementor-widget-heading .elementor-heading-title.elementor-size-small{font-size:15px}.elementor-widget-heading .elementor-heading-title.elementor-size-medium{font-size:19px}.elementor-widget-heading .elementor-heading-title.elementor-size-large{font-size:29px}.elementor-widget-heading .elementor-heading-title.elementor-size-xl{font-size:39px}.elementor-widget-heading .elementor-heading-title.elementor-size-xxl{font-size:59px}<\/style><h2 class=\"elementor-heading-title elementor-size-default\">Recrutement de 01 ASSITANT(E) FINANCIER(E) ET COMPTABLE<\/h2>\t\t<\/div>\n\t\t\t\t<\/div>\n\t\t\t\t\t<\/div>\n\t\t<\/div>\n\t\t\t\t\t\t\t<\/div>\n\t\t<\/section>\n\t\t\t\t<section class=\"elementor-section elementor-top-section elementor-element elementor-element-20d2930 elementor-section-boxed elementor-section-height-default elementor-section-height-default\" data-id=\"20d2930\" data-element_type=\"section\">\n\t\t\t\t\t\t<div class=\"elementor-container elementor-column-gap-default\">\n\t\t\t\t\t<div class=\"elementor-column elementor-col-100 elementor-top-column elementor-element elementor-element-4f0ceb7\" data-id=\"4f0ceb7\" data-element_type=\"column\">\n\t\t\t<div class=\"elementor-widget-wrap elementor-element-populated\">\n\t\t\t\t\t\t\t\t<div class=\"elementor-element elementor-element-fc1539d elementor-widget elementor-widget-text-editor\" data-id=\"fc1539d\" data-element_type=\"widget\" data-widget_type=\"text-editor.default\">\n\t\t\t\t<div class=\"elementor-widget-container\">\n\t\t\t<style>\/*! elementor - v3.14.0 - 26-06-2023 *\/\n.elementor-widget-text-editor.elementor-drop-cap-view-stacked .elementor-drop-cap{background-color:#69727d;color:#fff}.elementor-widget-text-editor.elementor-drop-cap-view-framed .elementor-drop-cap{color:#69727d;border:3px solid;background-color:transparent}.elementor-widget-text-editor:not(.elementor-drop-cap-view-default) .elementor-drop-cap{margin-top:8px}.elementor-widget-text-editor:not(.elementor-drop-cap-view-default) .elementor-drop-cap-letter{width:1em;height:1em}.elementor-widget-text-editor .elementor-drop-cap{float:left;text-align:center;line-height:1;font-size:50px}.elementor-widget-text-editor .elementor-drop-cap-letter{display:inline-block}<\/style>\t\t\t\t<div class=\"latest-tweets-head\"><h4><i>Offre expirant le 17-10-2023<\/i><\/h4><\/div><div class=\"accordionb\"><div class=\"paneh\"><div class=\"col-md-12\"><strong>Localit\u00e9 : Burkina Faso \/ Ouagadougou<\/strong><br \/><strong>Domaine :\u00a0Finance \/ comptabilit\u00e9<\/strong><br \/><strong>Niveau :\u00a0BAC + 3<\/strong><br \/><strong>Entreprise recruteur :\u00a0COOPI<\/strong><\/div><div class=\"col-md-12\"><p><strong>Adresse : 03 BP 7069 Ouagadougou 03, Ouagadougou<\/strong><br \/><strong>T\u00e9l\u00e9phone : 67 83 00 42<\/strong><\/p><h3>Recrutement de 01 ASSITANT(E) FINANCIER(E) ETCOMPTABLE<br \/>Poste \u00e0 pourvoir ASSITANT(E) FINANCIER(E) ETCOMPTABLE<br \/>Nombre de poste 01<br \/>Lieu d&#8217;affectation Ouagadougou<br \/>Structure recruteur COOPI<br \/>Structure B\u00e9n\u00e9ficiaire COOPI<br \/>Secteur activit\u00e9 Non pr\u00e9cis\u00e9<br \/>Dipl\u00f4me ou niveau BAC+3<br \/>Option du dipl\u00f4me Finance\/Comptabilit\u00e9\/Economie<br \/>Exp\u00e9riences 02 ans<br \/>Capacit\u00e9s li\u00e9es \u00e0 l&#8217;emploi<br \/>Profil de poste<br \/>COOPI \u2013 COOPERAZIONE INTERNAZIONALE<br \/>MISSION BURKINA FASO\/Ouagadougou<\/h3><h3>Titre de poste : ASSISTANT.E FINANCIER.E &amp; COMPTABLE<br \/>Rattach\u00e9 \u00e0 : Administrateur Pays<br \/>Lieu d\u2019affectation : Ouagadougou<br \/>D\u00e9partement : Admin-Finance<br \/>Collabore : Toute l\u2019\u00e9quipe de la mission<br \/>Dur\u00e9e du contrat : 12 mois renouvelable<\/h3><h3>1. Objectif principal du poste<br \/>L\u2019assistant.e financier.e et comptable est sous la responsabilit\u00e9 direct de l\u2019Administrateur Pays de mission. Il\/Elle a pour objectif principal de fournir un appui financier et comptable aux diff\u00e9rents projets mis en \u0153uvre COOPI au Burkina Faso.<br \/>2. Missions Principales<br \/>Assurer la tenue de la comptabilit\u00e9 de coordination et contribuer au renforcement de capacit\u00e9s des admin. Log ainsi des partenaires de mise en \u0153uvre.<\/h3><h3>3. RESPONSABILIT\u00c9S\/TACHES SP\u00c9CIFIQUES<br \/>Sous la responsabilit\u00e9 de l\u2019administrateur pays, l\u2019assistant (e) financier et comptable sera en charge de :<br \/>\uf0d8 Activit\u00e9s comptables<br \/>&#8211; Assurer la tenue de la comptabilit\u00e9 des projets et de la coordination conform\u00e9ment aux proc\u00e9dures COOPI ;<br \/>&#8211; Garantir un suivi ad\u00e9quat des avances en mission (cautions, avance op\u00e9rationnelle, d\u00e9posit UNHAS\u2026) ;<br \/>&#8211; Assurer l\u2019archivage \u00e9lectronique et physique des pi\u00e8ces comptables de la coordination<br \/>&#8211; Garantir la coh\u00e9rence des imputations financi\u00e8res<br \/>&#8211; Garantir la qualit\u00e9 des pi\u00e8ces comptables conform\u00e9ment aux exigences de COOPI et des bailleurs ;<br \/>&#8211; Garantir l\u2019exactitude des soldes physiques et th\u00e9oriques des diff\u00e9rentes caisses\/banques ;<br \/>&#8211; Assurer la cl\u00f4ture comptable mensuelle ;<br \/>&#8211; Assurer l\u2019envoi des pi\u00e8ces comptables au si\u00e8ge ;<br \/>&#8211; Accompagner les logisticiens administrateur sur les th\u00e9matiques finances ;<br \/>&#8211; Assurer la correction de la comptabilit\u00e9 apr\u00e8s le retour du si\u00e8ge.<\/h3><h3>\u00a0Activit\u00e9s Budg\u00e9taire<br \/>&#8211; Collecter aupr\u00e8s des collaborations et du march\u00e9 local, les informations n\u00e9cessaires pour la conception des budgets ;<br \/>&#8211; Assurer la mise \u00e0 jour des budgets en lien avec les chef.fes des projets et les coordinateur terrain ;<br \/>&#8211; Assister l\u2019administrateur pays dans la consolidation des budgets et les suivis ;<br \/>&#8211; Assurer la r\u00e9conciliation des comptes projets et les d\u00e9penses de la coordination.<\/h3><h3>\uf0d8 Activit\u00e9s Tr\u00e9sorerie<br \/>&#8211; Collecter aupr\u00e8s des bases les informations n\u00e9cessaires pour la consolidation de la demande de tr\u00e9sorerie mensuelle ;<br \/>&#8211; Assurer l\u2019approvisionnement en tr\u00e9sorerie des bases ;<br \/>&#8211; Assurer l\u2019approvisionnement de la petite caisse coordination.<\/h3><h3>\uf0d8 Activit\u00e9s Archivage et audit<br \/>&#8211; Assurer le double archivage physique et \u00e9lectronique des pi\u00e8ces comptables de la mission conform\u00e9ment \u00e0 la proc\u00e9dure COOPI ;<br \/>&#8211; Contribuer aux missions d\u2019audits interne et externe<\/h3><h3>4. Profil du candidat<br \/>\u00c9ducation :<br \/>\u2022 Dipl\u00f4me de niveau bac + 3 en finance\/Comptabilit\u00e9\/\u00e9conomie<\/h3><h3>Exp\u00e9rience :<br \/>\u2022 Exp\u00e9rience de travail indispensable d\u2019au moins 2 ans en Gestion financi\u00e8re ;<br \/>\u2022 Exp\u00e9rience d\u2019au moins 1 an sur un poste similaire dans une ONG.<\/h3><h3>Langues :<br \/>\u2022 Fran\u00e7aise souhait\u00e9e, langues locales, l\u2019anglais serait un atout<\/h3><h3>Connaissances :<br \/>\u2022 Informatique : Excel et Word, Internet<br \/>\u2022 Connaissance des logiciels comptables est un atout ;<br \/>\u2022 Proc\u00e9dures des bailleurs de fonds institutionnels;<br \/>\u2022 Connaissance sur la gestion financi\u00e8re pratique des ONG est un atout.<\/h3><h3>Comp\u00e9tences :<br \/>\u2022 Discr\u00e9tion<br \/>\u2022 Capacit\u00e9 d\u2019analyse, de planification ;<br \/>\u2022 Rigueur, autonomie et curiosit\u00e9 ;<br \/>\u2022 Flexibilit\u00e9 et gestion du stress ;<br \/>\u2022 Capacit\u00e9 d\u2019\u00e9coute importante ;<br \/>\u2022 Capacit\u00e9 \u00e0 travailler en \u00e9quipe dans des contextes multiculturels ;<br \/>\u2022 Diplomatie et sens du relationnel ;<br \/>\u2022 R\u00e9activit\u00e9 et sens d\u2019anticipation des besoins;<br \/>\u2022 Autonome dans l\u2019organisation des t\u00e2ches.<\/h3><h3>Connaissance en informatique Excel, Word et Internet<br \/>Condition d&#8217;\u00e2ge NP<br \/>NB : COOPI se r\u00e9serve le droit de cl\u00f4turer l\u2019offre avant la date pr\u00e9vue<\/h3><h3>Date limite de dep\u00f4t des dossiers 17\/10\/2023<br \/>Procedure de recrutement<br \/>Dur\u00e9e du contrat CDD 12 mois renouvelable<\/h3><\/div><\/div><\/div>\t\t\t\t\t\t<\/div>\n\t\t\t\t<\/div>\n\t\t\t\t\t<\/div>\n\t\t<\/div>\n\t\t\t\t\t\t\t<\/div>\n\t\t<\/section>\n\t\t\t\t\t\t\t<\/div>\n\t\t","protected":false},"excerpt":{"rendered":"<p>Recrutement de 01 ASSITANT(E) FINANCIER(E) ET COMPTABLE Offre expirant le 17-10-2023 Localit\u00e9 : Burkina Faso \/ OuagadougouDomaine :\u00a0Finance \/ comptabilit\u00e9Niveau :\u00a0BAC + 3Entreprise recruteur :\u00a0COOPI Adresse : 03 BP 7069 Ouagadougou 03, OuagadougouT\u00e9l\u00e9phone : 67 83 00 42 Recrutement de 01 ASSITANT(E) FINANCIER(E) ETCOMPTABLEPoste \u00e0 pourvoir ASSITANT(E) FINANCIER(E) ETCOMPTABLENombre de poste 01Lieu d&#8217;affectation OuagadougouStructure recruteur&hellip;<\/p>\n","protected":false},"author":1,"featured_media":0,"parent":0,"menu_order":0,"comment_status":"closed","ping_status":"closed","template":"","meta":[],"_links":{"self":[{"href":"https:\/\/job.amd-veille.com\/index.php\/wp-json\/wp\/v2\/pages\/4805"}],"collection":[{"href":"https:\/\/job.amd-veille.com\/index.php\/wp-json\/wp\/v2\/pages"}],"about":[{"href":"https:\/\/job.amd-veille.com\/index.php\/wp-json\/wp\/v2\/types\/page"}],"author":[{"embeddable":true,"href":"https:\/\/job.amd-veille.com\/index.php\/wp-json\/wp\/v2\/users\/1"}],"replies":[{"embeddable":true,"href":"https:\/\/job.amd-veille.com\/index.php\/wp-json\/wp\/v2\/comments?post=4805"}],"version-history":[{"count":5,"href":"https:\/\/job.amd-veille.com\/index.php\/wp-json\/wp\/v2\/pages\/4805\/revisions"}],"predecessor-version":[{"id":4810,"href":"https:\/\/job.amd-veille.com\/index.php\/wp-json\/wp\/v2\/pages\/4805\/revisions\/4810"}],"wp:attachment":[{"href":"https:\/\/job.amd-veille.com\/index.php\/wp-json\/wp\/v2\/media?parent=4805"}],"curies":[{"name":"wp","href":"https:\/\/api.w.org\/{rel}","templated":true}]}}