{"id":4874,"date":"2023-10-13T08:17:31","date_gmt":"2023-10-13T08:17:31","guid":{"rendered":"https:\/\/job.amd-veille.com\/?page_id=4874"},"modified":"2023-10-13T08:20:51","modified_gmt":"2023-10-13T08:20:51","slug":"elementor-4874","status":"publish","type":"page","link":"https:\/\/job.amd-veille.com\/index.php\/elementor-4874\/","title":{"rendered":"Recrutement une Assistante Juridique"},"content":{"rendered":"\t\t<div data-elementor-type=\"wp-page\" data-elementor-id=\"4874\" class=\"elementor elementor-4874\">\n\t\t\t\t\t\t\t\t\t<section class=\"elementor-section elementor-top-section elementor-element elementor-element-accd411 elementor-section-boxed elementor-section-height-default elementor-section-height-default\" data-id=\"accd411\" data-element_type=\"section\">\n\t\t\t\t\t\t<div class=\"elementor-container elementor-column-gap-default\">\n\t\t\t\t\t<div class=\"elementor-column elementor-col-100 elementor-top-column elementor-element elementor-element-ceff02a\" data-id=\"ceff02a\" data-element_type=\"column\">\n\t\t\t<div class=\"elementor-widget-wrap elementor-element-populated\">\n\t\t\t\t\t\t\t\t<div class=\"elementor-element elementor-element-8edcadb elementor-widget elementor-widget-heading\" data-id=\"8edcadb\" data-element_type=\"widget\" data-widget_type=\"heading.default\">\n\t\t\t\t<div class=\"elementor-widget-container\">\n\t\t\t<style>\/*! elementor - v3.14.0 - 26-06-2023 *\/\n.elementor-heading-title{padding:0;margin:0;line-height:1}.elementor-widget-heading .elementor-heading-title[class*=elementor-size-]>a{color:inherit;font-size:inherit;line-height:inherit}.elementor-widget-heading .elementor-heading-title.elementor-size-small{font-size:15px}.elementor-widget-heading .elementor-heading-title.elementor-size-medium{font-size:19px}.elementor-widget-heading .elementor-heading-title.elementor-size-large{font-size:29px}.elementor-widget-heading .elementor-heading-title.elementor-size-xl{font-size:39px}.elementor-widget-heading .elementor-heading-title.elementor-size-xxl{font-size:59px}<\/style><h2 class=\"elementor-heading-title elementor-size-default\">Recrutement une  Assistante Juridique<\/h2>\t\t<\/div>\n\t\t\t\t<\/div>\n\t\t\t\t<div class=\"elementor-element elementor-element-77cd792 elementor-widget elementor-widget-text-editor\" data-id=\"77cd792\" data-element_type=\"widget\" data-widget_type=\"text-editor.default\">\n\t\t\t\t<div class=\"elementor-widget-container\">\n\t\t\t<style>\/*! elementor - v3.14.0 - 26-06-2023 *\/\n.elementor-widget-text-editor.elementor-drop-cap-view-stacked .elementor-drop-cap{background-color:#69727d;color:#fff}.elementor-widget-text-editor.elementor-drop-cap-view-framed .elementor-drop-cap{color:#69727d;border:3px solid;background-color:transparent}.elementor-widget-text-editor:not(.elementor-drop-cap-view-default) .elementor-drop-cap{margin-top:8px}.elementor-widget-text-editor:not(.elementor-drop-cap-view-default) .elementor-drop-cap-letter{width:1em;height:1em}.elementor-widget-text-editor .elementor-drop-cap{float:left;text-align:center;line-height:1;font-size:50px}.elementor-widget-text-editor .elementor-drop-cap-letter{display:inline-block}<\/style>\t\t\t\t<h4>Un cabinet recherche une assistante juridique pour un poste \u00e0 Ouagadougou<br>Conditions <br>Avoir un bac +3 avec une exp\u00e9rience de 03 ans minimum dans un poste similaire<br>\u2713 \u00eatre apte \u00e0 \u00e9laborer des Actes juridique commerciaux<br>\u2713 avoir une exp\u00e9rience dans l&#8217;\u00e9laboration des diff\u00e9rents manuels de proc\u00e9dure et d&#8217;organisation <br>\u2713 avoir une exp\u00e9rience dans l&#8217;\u00e9laboration des statuts d&#8217;entreprise et des statuts du personnel<br>\u2713 avoir une exp\u00e9rience dans les audits juridiques <br>\u2713etre imm\u00e9diatement disponible<br>\u2713 les candidatures f\u00e9minines sont prioritaires et privil\u00e9gi\u00e9es<br>Les int\u00e9ress\u00e9s peuvent d\u00e9poser leur CV + pr\u00e9tention salariale \u00e0 l&#8217;adresse suivante : <br>recrutemieux@gmail.com<br>Date limite de d\u00e9p\u00f4t 15&nbsp;octobre&nbsp;\u00e0&nbsp;17&nbsp;h<\/h4>\t\t\t\t\t\t<\/div>\n\t\t\t\t<\/div>\n\t\t\t\t\t<\/div>\n\t\t<\/div>\n\t\t\t\t\t\t\t<\/div>\n\t\t<\/section>\n\t\t\t\t\t\t\t<\/div>\n\t\t","protected":false},"excerpt":{"rendered":"<p>Recrutement une Assistante Juridique Un cabinet recherche une assistante juridique pour un poste \u00e0 OuagadougouConditions Avoir un bac +3 avec une exp\u00e9rience de 03 ans minimum dans un poste similaire\u2713 \u00eatre apte \u00e0 \u00e9laborer des Actes juridique commerciaux\u2713 avoir une exp\u00e9rience dans l&#8217;\u00e9laboration des diff\u00e9rents manuels de proc\u00e9dure et d&#8217;organisation \u2713 avoir une exp\u00e9rience dans&hellip;<\/p>\n","protected":false},"author":1,"featured_media":0,"parent":0,"menu_order":0,"comment_status":"closed","ping_status":"closed","template":"","meta":[],"_links":{"self":[{"href":"https:\/\/job.amd-veille.com\/index.php\/wp-json\/wp\/v2\/pages\/4874"}],"collection":[{"href":"https:\/\/job.amd-veille.com\/index.php\/wp-json\/wp\/v2\/pages"}],"about":[{"href":"https:\/\/job.amd-veille.com\/index.php\/wp-json\/wp\/v2\/types\/page"}],"author":[{"embeddable":true,"href":"https:\/\/job.amd-veille.com\/index.php\/wp-json\/wp\/v2\/users\/1"}],"replies":[{"embeddable":true,"href":"https:\/\/job.amd-veille.com\/index.php\/wp-json\/wp\/v2\/comments?post=4874"}],"version-history":[{"count":5,"href":"https:\/\/job.amd-veille.com\/index.php\/wp-json\/wp\/v2\/pages\/4874\/revisions"}],"predecessor-version":[{"id":4879,"href":"https:\/\/job.amd-veille.com\/index.php\/wp-json\/wp\/v2\/pages\/4874\/revisions\/4879"}],"wp:attachment":[{"href":"https:\/\/job.amd-veille.com\/index.php\/wp-json\/wp\/v2\/media?parent=4874"}],"curies":[{"name":"wp","href":"https:\/\/api.w.org\/{rel}","templated":true}]}}