{"id":4926,"date":"2023-10-16T09:42:51","date_gmt":"2023-10-16T09:42:51","guid":{"rendered":"https:\/\/job.amd-veille.com\/?page_id=4926"},"modified":"2023-10-16T09:46:55","modified_gmt":"2023-10-16T09:46:55","slug":"elementor-4926","status":"publish","type":"page","link":"https:\/\/job.amd-veille.com\/index.php\/elementor-4926\/","title":{"rendered":"Recrutement de Stagiaire Charg\u00e9e d&#8217;Etude"},"content":{"rendered":"\t\t<div data-elementor-type=\"wp-page\" data-elementor-id=\"4926\" class=\"elementor elementor-4926\">\n\t\t\t\t\t\t\t\t\t<section class=\"elementor-section elementor-top-section elementor-element elementor-element-00e04aa elementor-section-boxed elementor-section-height-default elementor-section-height-default\" data-id=\"00e04aa\" data-element_type=\"section\">\n\t\t\t\t\t\t<div class=\"elementor-container elementor-column-gap-default\">\n\t\t\t\t\t<div class=\"elementor-column elementor-col-100 elementor-top-column elementor-element elementor-element-ec81fd1\" data-id=\"ec81fd1\" data-element_type=\"column\">\n\t\t\t<div class=\"elementor-widget-wrap elementor-element-populated\">\n\t\t\t\t\t\t\t\t<div class=\"elementor-element elementor-element-32b3f7f elementor-widget elementor-widget-heading\" data-id=\"32b3f7f\" data-element_type=\"widget\" data-widget_type=\"heading.default\">\n\t\t\t\t<div class=\"elementor-widget-container\">\n\t\t\t<style>\/*! elementor - v3.14.0 - 26-06-2023 *\/\n.elementor-heading-title{padding:0;margin:0;line-height:1}.elementor-widget-heading .elementor-heading-title[class*=elementor-size-]>a{color:inherit;font-size:inherit;line-height:inherit}.elementor-widget-heading .elementor-heading-title.elementor-size-small{font-size:15px}.elementor-widget-heading .elementor-heading-title.elementor-size-medium{font-size:19px}.elementor-widget-heading .elementor-heading-title.elementor-size-large{font-size:29px}.elementor-widget-heading .elementor-heading-title.elementor-size-xl{font-size:39px}.elementor-widget-heading .elementor-heading-title.elementor-size-xxl{font-size:59px}<\/style><h2 class=\"elementor-heading-title elementor-size-default\">Recrutement de Stagiaire Charg\u00e9e d'Etude<\/h2>\t\t<\/div>\n\t\t\t\t<\/div>\n\t\t\t\t\t<\/div>\n\t\t<\/div>\n\t\t\t\t\t\t\t<\/div>\n\t\t<\/section>\n\t\t\t\t<section class=\"elementor-section elementor-top-section elementor-element elementor-element-8fd1911 elementor-section-boxed elementor-section-height-default elementor-section-height-default\" data-id=\"8fd1911\" data-element_type=\"section\">\n\t\t\t\t\t\t<div class=\"elementor-container elementor-column-gap-default\">\n\t\t\t\t\t<div class=\"elementor-column elementor-col-100 elementor-top-column elementor-element elementor-element-545173d\" data-id=\"545173d\" data-element_type=\"column\">\n\t\t\t<div class=\"elementor-widget-wrap elementor-element-populated\">\n\t\t\t\t\t\t\t\t<div class=\"elementor-element elementor-element-51afda4 elementor-widget elementor-widget-text-editor\" data-id=\"51afda4\" data-element_type=\"widget\" data-widget_type=\"text-editor.default\">\n\t\t\t\t<div class=\"elementor-widget-container\">\n\t\t\t<style>\/*! elementor - v3.14.0 - 26-06-2023 *\/\n.elementor-widget-text-editor.elementor-drop-cap-view-stacked .elementor-drop-cap{background-color:#69727d;color:#fff}.elementor-widget-text-editor.elementor-drop-cap-view-framed .elementor-drop-cap{color:#69727d;border:3px solid;background-color:transparent}.elementor-widget-text-editor:not(.elementor-drop-cap-view-default) .elementor-drop-cap{margin-top:8px}.elementor-widget-text-editor:not(.elementor-drop-cap-view-default) .elementor-drop-cap-letter{width:1em;height:1em}.elementor-widget-text-editor .elementor-drop-cap{float:left;text-align:center;line-height:1;font-size:50px}.elementor-widget-text-editor .elementor-drop-cap-letter{display:inline-block}<\/style>\t\t\t\t<h4><br \/>Nous, bureau d&#8217;\u00e9tudes ADERC, situ\u00e9 sur l&#8217;avenue Tangsoaba, \u00e0 quelques encablures de la maison de la femme Ouaga, recrutons un\/une stagiaire charg\u00e9 d&#8217;\u00e9tudes pour une p\u00e9riode de 3 mois renouvelable.<br \/>Conditions:<br \/>-Avoir au moins une ma\u00eetrise ou une licence LMD en \u00c9conomie ou gestion.<br \/>-\u00catre imm\u00e9diatement disponible<br \/>Dossiers \u00e0 fournir:<br \/>1) un CV actualis\u00e9 et sign\u00e9<br \/>2) une lettre de motivation<br \/>3) une copie simple du dipl\u00f4me ou attestation<br \/>Le dossier est \u00e0 envoyer sur:<br \/>mailto:aderc.contact@gmail.com<\/h4>\t\t\t\t\t\t<\/div>\n\t\t\t\t<\/div>\n\t\t\t\t\t<\/div>\n\t\t<\/div>\n\t\t\t\t\t\t\t<\/div>\n\t\t<\/section>\n\t\t\t\t\t\t\t<\/div>\n\t\t","protected":false},"excerpt":{"rendered":"<p>Recrutement de Stagiaire Charg\u00e9e d&#8217;Etude Nous, bureau d&#8217;\u00e9tudes ADERC, situ\u00e9 sur l&#8217;avenue Tangsoaba, \u00e0 quelques encablures de la maison de la femme Ouaga, recrutons un\/une stagiaire charg\u00e9 d&#8217;\u00e9tudes pour une p\u00e9riode de 3 mois renouvelable.Conditions:-Avoir au moins une ma\u00eetrise ou une licence LMD en \u00c9conomie ou gestion.-\u00catre imm\u00e9diatement disponibleDossiers \u00e0 fournir:1) un CV actualis\u00e9 et&hellip;<\/p>\n","protected":false},"author":1,"featured_media":0,"parent":0,"menu_order":0,"comment_status":"closed","ping_status":"closed","template":"","meta":[],"_links":{"self":[{"href":"https:\/\/job.amd-veille.com\/index.php\/wp-json\/wp\/v2\/pages\/4926"}],"collection":[{"href":"https:\/\/job.amd-veille.com\/index.php\/wp-json\/wp\/v2\/pages"}],"about":[{"href":"https:\/\/job.amd-veille.com\/index.php\/wp-json\/wp\/v2\/types\/page"}],"author":[{"embeddable":true,"href":"https:\/\/job.amd-veille.com\/index.php\/wp-json\/wp\/v2\/users\/1"}],"replies":[{"embeddable":true,"href":"https:\/\/job.amd-veille.com\/index.php\/wp-json\/wp\/v2\/comments?post=4926"}],"version-history":[{"count":5,"href":"https:\/\/job.amd-veille.com\/index.php\/wp-json\/wp\/v2\/pages\/4926\/revisions"}],"predecessor-version":[{"id":4931,"href":"https:\/\/job.amd-veille.com\/index.php\/wp-json\/wp\/v2\/pages\/4926\/revisions\/4931"}],"wp:attachment":[{"href":"https:\/\/job.amd-veille.com\/index.php\/wp-json\/wp\/v2\/media?parent=4926"}],"curies":[{"name":"wp","href":"https:\/\/api.w.org\/{rel}","templated":true}]}}

Recrutement de Stagiaire Chargée d&#8217;Etude

<div data-elementor-type="wp-page" data-elementor-id="4926" class="elementor elementor-4926">
									<section class="elementor-section elementor-top-section elementor-element elementor-element-00e04aa elementor-section-boxed elementor-section-height-default elementor-section-height-default" data-id="00e04aa" data-element_type="section">
						<div class="elementor-container elementor-column-gap-default">
					<div class="elementor-column elementor-col-100 elementor-top-column elementor-element elementor-element-ec81fd1" data-id="ec81fd1" data-element_type="column">
			<div class="elementor-widget-wrap elementor-element-populated">
								<div class="elementor-element elementor-element-32b3f7f elementor-widget elementor-widget-heading" data-id="32b3f7f" data-element_type="widget" data-widget_type="heading.default">
				<div class="elementor-widget-container">
			<style>/*! elementor - v3.14.0 - 26-06-2023 */
.elementor-heading-title{padding:0;margin:0;line-height:1}.elementor-widget-heading .elementor-heading-title[class*=elementor-size-]>a{color:inherit;font-size:inherit;line-height:inherit}.elementor-widget-heading .elementor-heading-title.elementor-size-small{font-size:15px}.elementor-widget-heading .elementor-heading-title.elementor-size-medium{font-size:19px}.elementor-widget-heading .elementor-heading-title.elementor-size-large{font-size:29px}.elementor-widget-heading .elementor-heading-title.elementor-size-xl{font-size:39px}.elementor-widget-heading .elementor-heading-title.elementor-size-xxl{font-size:59px}</style><h2 class="elementor-heading-title elementor-size-default">Recrutement de Stagiaire Chargée d'Etude</h2>		</div>
				</div>
					</div>
		</div>
							</div>
		</section>
				<section class="elementor-section elementor-top-section elementor-element elementor-element-8fd1911 elementor-section-boxed elementor-section-height-default elementor-section-height-default" data-id="8fd1911" data-element_type="section">
						<div class="elementor-container elementor-column-gap-default">
					<div class="elementor-column elementor-col-100 elementor-top-column elementor-element elementor-element-545173d" data-id="545173d" data-element_type="column">
			<div class="elementor-widget-wrap elementor-element-populated">
								<div class="elementor-element elementor-element-51afda4 elementor-widget elementor-widget-text-editor" data-id="51afda4" data-element_type="widget" data-widget_type="text-editor.default">
				<div class="elementor-widget-container">
			<style>/*! elementor - v3.14.0 - 26-06-2023 */
.elementor-widget-text-editor.elementor-drop-cap-view-stacked .elementor-drop-cap{background-color:#69727d;color:#fff}.elementor-widget-text-editor.elementor-drop-cap-view-framed .elementor-drop-cap{color:#69727d;border:3px solid;background-color:transparent}.elementor-widget-text-editor:not(.elementor-drop-cap-view-default) .elementor-drop-cap{margin-top:8px}.elementor-widget-text-editor:not(.elementor-drop-cap-view-default) .elementor-drop-cap-letter{width:1em;height:1em}.elementor-widget-text-editor .elementor-drop-cap{float:left;text-align:center;line-height:1;font-size:50px}.elementor-widget-text-editor .elementor-drop-cap-letter{display:inline-block}</style>				<h4><br />Nous, bureau d&#8217;études ADERC, situé sur l&#8217;avenue Tangsoaba, à quelques encablures de la maison de la femme Ouaga, recrutons un/une stagiaire chargé d&#8217;études pour une période de 3 mois renouvelable.<br />Conditions:<br />-Avoir au moins une maîtrise ou une licence LMD en Économie ou gestion.<br />-Être immédiatement disponible<br />Dossiers à fournir:<br />1) un CV actualisé et signé<br />2) une lettre de motivation<br />3) une copie simple du diplôme ou attestation<br />Le dossier est à envoyer sur:<br />mailto:aderc.contact@gmail.com</h4>						</div>
				</div>
					</div>
		</div>
							</div>
		</section>
							</div>

<p>Recrutement de Stagiaire Chargée d&#8217;Etude Nous, bureau d&#8217;études ADERC, situé sur l&#8217;avenue Tangsoaba, à quelques encablures de la maison de la femme Ouaga, recrutons un/une stagiaire chargé d&#8217;études pour une période de 3 mois renouvelable.Conditions:-Avoir au moins une maîtrise ou une licence LMD en Économie ou gestion.-Être immédiatement disponibleDossiers à fournir:1) un CV actualisé et&hellip;</p>
