{"id":5086,"date":"2023-10-24T09:21:06","date_gmt":"2023-10-24T09:21:06","guid":{"rendered":"https:\/\/job.amd-veille.com\/?page_id=5086"},"modified":"2023-10-24T09:23:54","modified_gmt":"2023-10-24T09:23:54","slug":"elementor-5086","status":"publish","type":"page","link":"https:\/\/job.amd-veille.com\/index.php\/elementor-5086\/","title":{"rendered":"Recrutement d&#8217;un Infographe"},"content":{"rendered":"\t\t<div data-elementor-type=\"wp-page\" data-elementor-id=\"5086\" class=\"elementor elementor-5086\">\n\t\t\t\t\t\t\t\t\t<section class=\"elementor-section elementor-top-section elementor-element elementor-element-b205201 elementor-section-boxed elementor-section-height-default elementor-section-height-default\" data-id=\"b205201\" data-element_type=\"section\">\n\t\t\t\t\t\t<div class=\"elementor-container elementor-column-gap-default\">\n\t\t\t\t\t<div class=\"elementor-column elementor-col-100 elementor-top-column elementor-element elementor-element-fdb6e75\" data-id=\"fdb6e75\" data-element_type=\"column\">\n\t\t\t<div class=\"elementor-widget-wrap elementor-element-populated\">\n\t\t\t\t\t\t\t\t<div class=\"elementor-element elementor-element-de11077 elementor-widget elementor-widget-heading\" data-id=\"de11077\" data-element_type=\"widget\" data-widget_type=\"heading.default\">\n\t\t\t\t<div class=\"elementor-widget-container\">\n\t\t\t<style>\/*! elementor - v3.14.0 - 26-06-2023 *\/\n.elementor-heading-title{padding:0;margin:0;line-height:1}.elementor-widget-heading .elementor-heading-title[class*=elementor-size-]>a{color:inherit;font-size:inherit;line-height:inherit}.elementor-widget-heading .elementor-heading-title.elementor-size-small{font-size:15px}.elementor-widget-heading .elementor-heading-title.elementor-size-medium{font-size:19px}.elementor-widget-heading .elementor-heading-title.elementor-size-large{font-size:29px}.elementor-widget-heading .elementor-heading-title.elementor-size-xl{font-size:39px}.elementor-widget-heading .elementor-heading-title.elementor-size-xxl{font-size:59px}<\/style><h2 class=\"elementor-heading-title elementor-size-default\">Recrutement d'un Infographe<\/h2>\t\t<\/div>\n\t\t\t\t<\/div>\n\t\t\t\t\t<\/div>\n\t\t<\/div>\n\t\t\t\t\t\t\t<\/div>\n\t\t<\/section>\n\t\t\t\t<section class=\"elementor-section elementor-top-section elementor-element elementor-element-910a9c7 elementor-section-boxed elementor-section-height-default elementor-section-height-default\" data-id=\"910a9c7\" data-element_type=\"section\">\n\t\t\t\t\t\t<div class=\"elementor-container elementor-column-gap-default\">\n\t\t\t\t\t<div class=\"elementor-column elementor-col-100 elementor-top-column elementor-element elementor-element-47355b4\" data-id=\"47355b4\" data-element_type=\"column\">\n\t\t\t<div class=\"elementor-widget-wrap elementor-element-populated\">\n\t\t\t\t\t\t\t\t<div class=\"elementor-element elementor-element-cc7fa97 elementor-widget elementor-widget-text-editor\" data-id=\"cc7fa97\" data-element_type=\"widget\" data-widget_type=\"text-editor.default\">\n\t\t\t\t<div class=\"elementor-widget-container\">\n\t\t\t<style>\/*! elementor - v3.14.0 - 26-06-2023 *\/\n.elementor-widget-text-editor.elementor-drop-cap-view-stacked .elementor-drop-cap{background-color:#69727d;color:#fff}.elementor-widget-text-editor.elementor-drop-cap-view-framed .elementor-drop-cap{color:#69727d;border:3px solid;background-color:transparent}.elementor-widget-text-editor:not(.elementor-drop-cap-view-default) .elementor-drop-cap{margin-top:8px}.elementor-widget-text-editor:not(.elementor-drop-cap-view-default) .elementor-drop-cap-letter{width:1em;height:1em}.elementor-widget-text-editor .elementor-drop-cap{float:left;text-align:center;line-height:1;font-size:50px}.elementor-widget-text-editor .elementor-drop-cap-letter{display:inline-block}<\/style>\t\t\t\t<h3>Une entreprise de la place recherche une infographe avec des comp\u00e9tences commercial pour le prospection en ligne<br \/>T\u00e2ches \u00e0 ex\u00e9cuter<br \/>\u2713 \u00e9laboration des affiches<br \/>\u2713 \u00e9laborer les spots audio et visuel<br \/>\u2713 poster les affiches en ligne et animer les pages<br \/>\u2713 \u00e9laborer les plans de prospection digital et ex\u00e9cuter le m\u00eame plan.<\/h3><h3>Conditions<br \/>\u2713 avoir une exp\u00e9rience confirm\u00e9e dans un poste similaire<br \/>\u2713 \u00eatre imm\u00e9diatement disponible<br \/>\u2713 Date limite de d\u00e9p\u00f4t: 31 octobre 2023<br \/>\u2713 pi\u00e8ces\u00a0requises\u00a0CV<br \/>\u2713 Adresse de d\u00e9p\u00f4t : recrutemieux@gmail.com<\/h3>\t\t\t\t\t\t<\/div>\n\t\t\t\t<\/div>\n\t\t\t\t\t<\/div>\n\t\t<\/div>\n\t\t\t\t\t\t\t<\/div>\n\t\t<\/section>\n\t\t\t\t\t\t\t<\/div>\n\t\t","protected":false},"excerpt":{"rendered":"<p>Recrutement d&#8217;un Infographe Une entreprise de la place recherche une infographe avec des comp\u00e9tences commercial pour le prospection en ligneT\u00e2ches \u00e0 ex\u00e9cuter\u2713 \u00e9laboration des affiches\u2713 \u00e9laborer les spots audio et visuel\u2713 poster les affiches en ligne et animer les pages\u2713 \u00e9laborer les plans de prospection digital et ex\u00e9cuter le m\u00eame plan. Conditions\u2713 avoir une exp\u00e9rience&hellip;<\/p>\n","protected":false},"author":1,"featured_media":0,"parent":0,"menu_order":0,"comment_status":"closed","ping_status":"closed","template":"","meta":[],"_links":{"self":[{"href":"https:\/\/job.amd-veille.com\/index.php\/wp-json\/wp\/v2\/pages\/5086"}],"collection":[{"href":"https:\/\/job.amd-veille.com\/index.php\/wp-json\/wp\/v2\/pages"}],"about":[{"href":"https:\/\/job.amd-veille.com\/index.php\/wp-json\/wp\/v2\/types\/page"}],"author":[{"embeddable":true,"href":"https:\/\/job.amd-veille.com\/index.php\/wp-json\/wp\/v2\/users\/1"}],"replies":[{"embeddable":true,"href":"https:\/\/job.amd-veille.com\/index.php\/wp-json\/wp\/v2\/comments?post=5086"}],"version-history":[{"count":5,"href":"https:\/\/job.amd-veille.com\/index.php\/wp-json\/wp\/v2\/pages\/5086\/revisions"}],"predecessor-version":[{"id":5091,"href":"https:\/\/job.amd-veille.com\/index.php\/wp-json\/wp\/v2\/pages\/5086\/revisions\/5091"}],"wp:attachment":[{"href":"https:\/\/job.amd-veille.com\/index.php\/wp-json\/wp\/v2\/media?parent=5086"}],"curies":[{"name":"wp","href":"https:\/\/api.w.org\/{rel}","templated":true}]}}