{"id":5390,"date":"2023-12-12T08:57:14","date_gmt":"2023-12-12T08:57:14","guid":{"rendered":"https:\/\/job.amd-veille.com\/?page_id=5390"},"modified":"2023-12-12T08:59:45","modified_gmt":"2023-12-12T08:59:45","slug":"elementor-5390","status":"publish","type":"page","link":"https:\/\/job.amd-veille.com\/index.php\/elementor-5390\/","title":{"rendered":"Recrutement d&#8217;une Assistante de Direction"},"content":{"rendered":"\t\t<div data-elementor-type=\"wp-page\" data-elementor-id=\"5390\" class=\"elementor elementor-5390\">\n\t\t\t\t\t\t\t\t\t<section class=\"elementor-section elementor-top-section elementor-element elementor-element-3322afe elementor-section-boxed elementor-section-height-default elementor-section-height-default\" data-id=\"3322afe\" data-element_type=\"section\">\n\t\t\t\t\t\t<div class=\"elementor-container elementor-column-gap-default\">\n\t\t\t\t\t<div class=\"elementor-column elementor-col-100 elementor-top-column elementor-element elementor-element-b56fc7b\" data-id=\"b56fc7b\" data-element_type=\"column\">\n\t\t\t<div class=\"elementor-widget-wrap elementor-element-populated\">\n\t\t\t\t\t\t\t\t<div class=\"elementor-element elementor-element-5904e95 elementor-widget elementor-widget-heading\" data-id=\"5904e95\" data-element_type=\"widget\" data-widget_type=\"heading.default\">\n\t\t\t\t<div class=\"elementor-widget-container\">\n\t\t\t<style>\/*! elementor - v3.14.0 - 26-06-2023 *\/\n.elementor-heading-title{padding:0;margin:0;line-height:1}.elementor-widget-heading .elementor-heading-title[class*=elementor-size-]>a{color:inherit;font-size:inherit;line-height:inherit}.elementor-widget-heading .elementor-heading-title.elementor-size-small{font-size:15px}.elementor-widget-heading .elementor-heading-title.elementor-size-medium{font-size:19px}.elementor-widget-heading .elementor-heading-title.elementor-size-large{font-size:29px}.elementor-widget-heading .elementor-heading-title.elementor-size-xl{font-size:39px}.elementor-widget-heading .elementor-heading-title.elementor-size-xxl{font-size:59px}<\/style><h2 class=\"elementor-heading-title elementor-size-default\">Recrutement d'une Assistante de Direction<\/h2>\t\t<\/div>\n\t\t\t\t<\/div>\n\t\t\t\t\t<\/div>\n\t\t<\/div>\n\t\t\t\t\t\t\t<\/div>\n\t\t<\/section>\n\t\t\t\t<section class=\"elementor-section elementor-top-section elementor-element elementor-element-5d87fa0 elementor-section-boxed elementor-section-height-default elementor-section-height-default\" data-id=\"5d87fa0\" data-element_type=\"section\">\n\t\t\t\t\t\t<div class=\"elementor-container elementor-column-gap-default\">\n\t\t\t\t\t<div class=\"elementor-column elementor-col-100 elementor-top-column elementor-element elementor-element-4e77d22\" data-id=\"4e77d22\" data-element_type=\"column\">\n\t\t\t<div class=\"elementor-widget-wrap elementor-element-populated\">\n\t\t\t\t\t\t\t\t<div class=\"elementor-element elementor-element-dd652cf elementor-widget elementor-widget-text-editor\" data-id=\"dd652cf\" data-element_type=\"widget\" data-widget_type=\"text-editor.default\">\n\t\t\t\t<div class=\"elementor-widget-container\">\n\t\t\t<style>\/*! elementor - v3.14.0 - 26-06-2023 *\/\n.elementor-widget-text-editor.elementor-drop-cap-view-stacked .elementor-drop-cap{background-color:#69727d;color:#fff}.elementor-widget-text-editor.elementor-drop-cap-view-framed .elementor-drop-cap{color:#69727d;border:3px solid;background-color:transparent}.elementor-widget-text-editor:not(.elementor-drop-cap-view-default) .elementor-drop-cap{margin-top:8px}.elementor-widget-text-editor:not(.elementor-drop-cap-view-default) .elementor-drop-cap-letter{width:1em;height:1em}.elementor-widget-text-editor .elementor-drop-cap{float:left;text-align:center;line-height:1;font-size:50px}.elementor-widget-text-editor .elementor-drop-cap-letter{display:inline-block}<\/style>\t\t\t\t<h4>Un cabinet recrute pour une entreprise de la place \u00e0 Ouagadougou: 01 assistante de direction<\/h4><h4>Conditions g\u00e9n\u00e9rales<\/h4><h4>Avoir un niveau bac +2<\/h4><h4>Avoir un minimum 02 ans d&#8217;exp\u00e9rience dans une soci\u00e9t\u00e9 commerciale<\/h4><h4>Maitriser l&#8217;outil informatique<\/h4><h4>\u00catre apte \u00e0 organiser et suivre l&#8217;agenda du directeur, ma\u00eetriser les saisies de textes et conna\u00eetre les correspondances administratives.<\/h4><h4>Pi\u00e8ces requises : CV + pr\u00e9tention salariale<\/h4><h4>Mail de d\u00e9p\u00f4t : cabinetdevel@gmail.com<\/h4><h4>Date limite de d\u00e9p\u00f4t : 15\u00a0\u00a0d\u00e9cembre\u00a0\u00a02023<\/h4>\t\t\t\t\t\t<\/div>\n\t\t\t\t<\/div>\n\t\t\t\t\t<\/div>\n\t\t<\/div>\n\t\t\t\t\t\t\t<\/div>\n\t\t<\/section>\n\t\t\t\t\t\t\t<\/div>\n\t\t","protected":false},"excerpt":{"rendered":"<p>Recrutement d&#8217;une Assistante de Direction Un cabinet recrute pour une entreprise de la place \u00e0 Ouagadougou: 01 assistante de direction Conditions g\u00e9n\u00e9rales Avoir un niveau bac +2 Avoir un minimum 02 ans d&#8217;exp\u00e9rience dans une soci\u00e9t\u00e9 commerciale Maitriser l&#8217;outil informatique \u00catre apte \u00e0 organiser et suivre l&#8217;agenda du directeur, ma\u00eetriser les saisies de textes et&hellip;<\/p>\n","protected":false},"author":1,"featured_media":0,"parent":0,"menu_order":0,"comment_status":"closed","ping_status":"closed","template":"","meta":[],"_links":{"self":[{"href":"https:\/\/job.amd-veille.com\/index.php\/wp-json\/wp\/v2\/pages\/5390"}],"collection":[{"href":"https:\/\/job.amd-veille.com\/index.php\/wp-json\/wp\/v2\/pages"}],"about":[{"href":"https:\/\/job.amd-veille.com\/index.php\/wp-json\/wp\/v2\/types\/page"}],"author":[{"embeddable":true,"href":"https:\/\/job.amd-veille.com\/index.php\/wp-json\/wp\/v2\/users\/1"}],"replies":[{"embeddable":true,"href":"https:\/\/job.amd-veille.com\/index.php\/wp-json\/wp\/v2\/comments?post=5390"}],"version-history":[{"count":5,"href":"https:\/\/job.amd-veille.com\/index.php\/wp-json\/wp\/v2\/pages\/5390\/revisions"}],"predecessor-version":[{"id":5395,"href":"https:\/\/job.amd-veille.com\/index.php\/wp-json\/wp\/v2\/pages\/5390\/revisions\/5395"}],"wp:attachment":[{"href":"https:\/\/job.amd-veille.com\/index.php\/wp-json\/wp\/v2\/media?parent=5390"}],"curies":[{"name":"wp","href":"https:\/\/api.w.org\/{rel}","templated":true}]}}