{"id":5500,"date":"2023-12-19T09:17:38","date_gmt":"2023-12-19T09:17:38","guid":{"rendered":"https:\/\/job.amd-veille.com\/?page_id=5500"},"modified":"2023-12-19T09:23:17","modified_gmt":"2023-12-19T09:23:17","slug":"elementor-5500","status":"publish","type":"page","link":"https:\/\/job.amd-veille.com\/index.php\/elementor-5500\/","title":{"rendered":"Recrutement d&#8217;un Charg\u00e9 de Communication"},"content":{"rendered":"\t\t<div data-elementor-type=\"wp-page\" data-elementor-id=\"5500\" class=\"elementor elementor-5500\">\n\t\t\t\t\t\t\t\t\t<section class=\"elementor-section elementor-top-section elementor-element elementor-element-5898569 elementor-section-boxed elementor-section-height-default elementor-section-height-default\" data-id=\"5898569\" data-element_type=\"section\">\n\t\t\t\t\t\t<div class=\"elementor-container elementor-column-gap-default\">\n\t\t\t\t\t<div class=\"elementor-column elementor-col-100 elementor-top-column elementor-element elementor-element-c5ee324\" data-id=\"c5ee324\" data-element_type=\"column\">\n\t\t\t<div class=\"elementor-widget-wrap elementor-element-populated\">\n\t\t\t\t\t\t\t\t<div class=\"elementor-element elementor-element-5e88880 elementor-widget elementor-widget-text-editor\" data-id=\"5e88880\" data-element_type=\"widget\" data-widget_type=\"text-editor.default\">\n\t\t\t\t<div class=\"elementor-widget-container\">\n\t\t\t<style>\/*! elementor - v3.14.0 - 26-06-2023 *\/\n.elementor-widget-text-editor.elementor-drop-cap-view-stacked .elementor-drop-cap{background-color:#69727d;color:#fff}.elementor-widget-text-editor.elementor-drop-cap-view-framed .elementor-drop-cap{color:#69727d;border:3px solid;background-color:transparent}.elementor-widget-text-editor:not(.elementor-drop-cap-view-default) .elementor-drop-cap{margin-top:8px}.elementor-widget-text-editor:not(.elementor-drop-cap-view-default) .elementor-drop-cap-letter{width:1em;height:1em}.elementor-widget-text-editor .elementor-drop-cap{float:left;text-align:center;line-height:1;font-size:50px}.elementor-widget-text-editor .elementor-drop-cap-letter{display:inline-block}<\/style>\t\t\t\t<h4>Appel \u00e0 candidatures pour le recrutement d&#8217;un charg\u00e9 de communication pour le compte d&#8217;une entreprise de la place :<\/h4><h4>-Etude sup\u00e9rieure en communication et journalisme<\/h4><h4>-Avoir une tr\u00e8s bonne exp\u00e9rience et av\u00e9r\u00e9 dans le domaine<\/h4><h4>-\u00catre \u00e0 l&#8217;aise devant la cam\u00e9ra<\/h4><h4>-\u00catre pr\u00e9sentable<\/h4><h4>-Aisance dans la prise de parole.<\/h4><h4>Faire parvenir le CV au (WhatsApp) 74967999<\/h4><h4>Date limite\u00a020\/12\/2023<\/h4>\t\t\t\t\t\t<\/div>\n\t\t\t\t<\/div>\n\t\t\t\t\t<\/div>\n\t\t<\/div>\n\t\t\t\t\t\t\t<\/div>\n\t\t<\/section>\n\t\t\t\t\t\t\t<\/div>\n\t\t","protected":false},"excerpt":{"rendered":"<p>Appel \u00e0 candidatures pour le recrutement d&#8217;un charg\u00e9 de communication pour le compte d&#8217;une entreprise de la place : -Etude sup\u00e9rieure en communication et journalisme -Avoir une tr\u00e8s bonne exp\u00e9rience et av\u00e9r\u00e9 dans le domaine -\u00catre \u00e0 l&#8217;aise devant la cam\u00e9ra -\u00catre pr\u00e9sentable -Aisance dans la prise de parole. Faire parvenir le CV au (WhatsApp)&hellip;<\/p>\n","protected":false},"author":1,"featured_media":0,"parent":0,"menu_order":0,"comment_status":"closed","ping_status":"closed","template":"","meta":[],"_links":{"self":[{"href":"https:\/\/job.amd-veille.com\/index.php\/wp-json\/wp\/v2\/pages\/5500"}],"collection":[{"href":"https:\/\/job.amd-veille.com\/index.php\/wp-json\/wp\/v2\/pages"}],"about":[{"href":"https:\/\/job.amd-veille.com\/index.php\/wp-json\/wp\/v2\/types\/page"}],"author":[{"embeddable":true,"href":"https:\/\/job.amd-veille.com\/index.php\/wp-json\/wp\/v2\/users\/1"}],"replies":[{"embeddable":true,"href":"https:\/\/job.amd-veille.com\/index.php\/wp-json\/wp\/v2\/comments?post=5500"}],"version-history":[{"count":5,"href":"https:\/\/job.amd-veille.com\/index.php\/wp-json\/wp\/v2\/pages\/5500\/revisions"}],"predecessor-version":[{"id":5505,"href":"https:\/\/job.amd-veille.com\/index.php\/wp-json\/wp\/v2\/pages\/5500\/revisions\/5505"}],"wp:attachment":[{"href":"https:\/\/job.amd-veille.com\/index.php\/wp-json\/wp\/v2\/media?parent=5500"}],"curies":[{"name":"wp","href":"https:\/\/api.w.org\/{rel}","templated":true}]}}

Recrutement d&#8217;un Chargé de Communication

<div data-elementor-type="wp-page" data-elementor-id="5500" class="elementor elementor-5500">
									<section class="elementor-section elementor-top-section elementor-element elementor-element-5898569 elementor-section-boxed elementor-section-height-default elementor-section-height-default" data-id="5898569" data-element_type="section">
						<div class="elementor-container elementor-column-gap-default">
					<div class="elementor-column elementor-col-100 elementor-top-column elementor-element elementor-element-c5ee324" data-id="c5ee324" data-element_type="column">
			<div class="elementor-widget-wrap elementor-element-populated">
								<div class="elementor-element elementor-element-5e88880 elementor-widget elementor-widget-text-editor" data-id="5e88880" data-element_type="widget" data-widget_type="text-editor.default">
				<div class="elementor-widget-container">
			<style>/*! elementor - v3.14.0 - 26-06-2023 */
.elementor-widget-text-editor.elementor-drop-cap-view-stacked .elementor-drop-cap{background-color:#69727d;color:#fff}.elementor-widget-text-editor.elementor-drop-cap-view-framed .elementor-drop-cap{color:#69727d;border:3px solid;background-color:transparent}.elementor-widget-text-editor:not(.elementor-drop-cap-view-default) .elementor-drop-cap{margin-top:8px}.elementor-widget-text-editor:not(.elementor-drop-cap-view-default) .elementor-drop-cap-letter{width:1em;height:1em}.elementor-widget-text-editor .elementor-drop-cap{float:left;text-align:center;line-height:1;font-size:50px}.elementor-widget-text-editor .elementor-drop-cap-letter{display:inline-block}</style>				<h4>Appel à candidatures pour le recrutement d&#8217;un chargé de communication pour le compte d&#8217;une entreprise de la place :</h4><h4>-Etude supérieure en communication et journalisme</h4><h4>-Avoir une très bonne expérience et avéré dans le domaine</h4><h4>-Être à l&#8217;aise devant la caméra</h4><h4>-Être présentable</h4><h4>-Aisance dans la prise de parole.</h4><h4>Faire parvenir le CV au (WhatsApp) 74967999</h4><h4>Date limite 20/12/2023</h4>						</div>
				</div>
					</div>
		</div>
							</div>
		</section>
							</div>

<p>Appel à candidatures pour le recrutement d&#8217;un chargé de communication pour le compte d&#8217;une entreprise de la place : -Etude supérieure en communication et journalisme -Avoir une très bonne expérience et avéré dans le domaine -Être à l&#8217;aise devant la caméra -Être présentable -Aisance dans la prise de parole. Faire parvenir le CV au (WhatsApp)&hellip;</p>
