{"id":5675,"date":"2024-01-17T16:04:10","date_gmt":"2024-01-17T16:04:10","guid":{"rendered":"https:\/\/job.amd-veille.com\/?page_id=5675"},"modified":"2024-01-17T16:06:13","modified_gmt":"2024-01-17T16:06:13","slug":"elementor-5675","status":"publish","type":"page","link":"https:\/\/job.amd-veille.com\/index.php\/elementor-5675\/","title":{"rendered":"Recrutement ENCADREURS"},"content":{"rendered":"\t\t<div data-elementor-type=\"wp-page\" data-elementor-id=\"5675\" class=\"elementor elementor-5675\">\n\t\t\t\t\t\t\t\t\t<section class=\"elementor-section elementor-top-section elementor-element elementor-element-d50b721 elementor-section-boxed elementor-section-height-default elementor-section-height-default\" data-id=\"d50b721\" data-element_type=\"section\">\n\t\t\t\t\t\t<div class=\"elementor-container elementor-column-gap-default\">\n\t\t\t\t\t<div class=\"elementor-column elementor-col-100 elementor-top-column elementor-element elementor-element-0d6548b\" data-id=\"0d6548b\" data-element_type=\"column\">\n\t\t\t<div class=\"elementor-widget-wrap elementor-element-populated\">\n\t\t\t\t\t\t\t\t<div class=\"elementor-element elementor-element-90f88f6 elementor-widget elementor-widget-text-editor\" data-id=\"90f88f6\" data-element_type=\"widget\" data-widget_type=\"text-editor.default\">\n\t\t\t\t<div class=\"elementor-widget-container\">\n\t\t\t<style>\/*! elementor - v3.14.0 - 26-06-2023 *\/\n.elementor-widget-text-editor.elementor-drop-cap-view-stacked .elementor-drop-cap{background-color:#69727d;color:#fff}.elementor-widget-text-editor.elementor-drop-cap-view-framed .elementor-drop-cap{color:#69727d;border:3px solid;background-color:transparent}.elementor-widget-text-editor:not(.elementor-drop-cap-view-default) .elementor-drop-cap{margin-top:8px}.elementor-widget-text-editor:not(.elementor-drop-cap-view-default) .elementor-drop-cap-letter{width:1em;height:1em}.elementor-widget-text-editor .elementor-drop-cap{float:left;text-align:center;line-height:1;font-size:50px}.elementor-widget-text-editor .elementor-drop-cap-letter{display:inline-block}<\/style>\t\t\t\t<h4>Poste \u00e0 pourvoir ENCADREURS<br \/>Nombre de poste 02<br \/>Lieu d&#8217;affectation Ouagadougou (Burkina Faso)<br \/>Structure recruteur CABINET AVANSEIL<br \/>Structure B\u00e9n\u00e9ficiaire IMPORTANTE SOCIETE BASEE AU BURKINA FASO<br \/>Secteur activit\u00e9 Agroalimentaire<br \/>Dipl\u00f4me ou niveau Dipl\u00f4me de technicien sup\u00e9rieur<br \/>Option du dipl\u00f4me Sant\u00e9 animale ou tout autre dipl\u00f4me jug\u00e9 \u00e9quivalent<br \/>Exp\u00e9riences 05 ans<br \/>Capacit\u00e9s li\u00e9es \u00e0 l&#8217;emploi <br \/>Le cabinet conseil en strat\u00e9gie, management des ressources humaines et des organisations, AVANSEIL, pr\u00e9sent au Burkina Faso et en C\u00f4te d\u2019Ivoire, souhaite recevoir des candidatures pour le recrutement de DEUX ENCADREURS au profit d\u2019une importante soci\u00e9t\u00e9 en plein essor, bas\u00e9e au Burkina Faso.<\/h4><h4>Nombre de postes \u00e0 pourvoir : 02<br \/>LIEU DE TRAVAIL : Ouagadougou (BURKINA FASO)<br \/>TYPE DU CONTRAT : CDD<br \/>DEBUT DU CONTRAT SOUHAITABLE : 05\/02\/2024<\/h4><h4>I. LE POSTE<br \/>Cr\u00e9\u00e9e en 2010, notre client \u00e9volue dans le secteur agro-alimentaire et est actuellement en pleine modernisation. La soci\u00e9t\u00e9 est aujourd\u2019hui leader dans la transformation de soja au Burkina Faso et produit de l\u2019huile raffin\u00e9e \u00e0 base de soja. L\u2019entreprise produits et commercialise pour le march\u00e9 national de l\u2019huile de soja raffin\u00e9e destin\u00e9e \u00e0 la consommation humaine et du tourteau de soja \u00e0 forte teneur prot\u00e9ine destin\u00e9e \u00e0 la consommation animale dans le secteur avicole. Notre client travaille en partenariat avec plus de 3 000 producteurs qu\u2019il accompagne sur les plans techniques, organisationnels et financiers.<\/h4><h4>1. TACHES<br \/>Plac\u00e9 sous la responsabilit\u00e9 de votre sup\u00e9rieur hi\u00e9rarchique, vous aurez pour t\u00e2ches :<br \/>&#8211; Planifier et mettre en \u0153uvre des programmes d\u2019\u00e9levage ;<br \/>&#8211; G\u00e9rer des stocks de nourriture et de m\u00e9dicaments ;<br \/>&#8211; Superviser des travailleurs, faire la maintenance des \u00e9quipements et la gestion des finances ;<br \/>&#8211; \u00catre en mesure de diagnostiquer et de traiter les maladies aviaires ;<br \/>&#8211; Disposer de bonnes aptitudes \u00e0 l&#8217;observation (\u00e9tat de sant\u00e9 de l&#8217;animal, r\u00e9glage du chauffage, qualit\u00e9 de l&#8217;alimentation, fuites d&#8217;eau&#8230;) ;<br \/>&#8211; Aptitudes \u00e0 faire de nombreux d\u00e9placement pour encadrer former et conseiller les clients dans les fermes avicoles ;<br \/>&#8211; Surveiller les conditions environnementales et de garantir le respect des normes de s\u00e9curit\u00e9 et de qualit\u00e9 ;<br \/>&#8211; Surveiller le comportement et les mouvements des animaux ;<\/h4><h4>2. COMPETENCES RECHERCHEE<\/h4><h4>\u2212 Technicien sup\u00e9rieur en sant\u00e9 animale ou tout autre dipl\u00f4me jug\u00e9 \u00e9quivalent ;<br \/>\u2212 5 ans d&#8217;exp\u00e9rience dans l&#8217;encadrement technique des aviculteurs ;<br \/>&#8211; Avoir des connaissances sur le d\u00e9veloppement de l&#8217;animal ;<br \/>&#8211; Aptitudes \u00e0 faire de nombreux d\u00e9placement pour encadrer former et conseiller les clients dans les fermes avicoles ;<br \/>&#8211; Ma\u00eetriser les composantes de l&#8217;\u00e9tat sanitaire d&#8217;un \u00e9levage ;<br \/>&#8211; Savoir d\u00e9tecter d&#8217;\u00e9ventuelles maladies ou r\u00e9aliser les op\u00e9rations de d\u00e9sinfection ;<br \/>&#8211; Maitriser la manipulation des animaux et conna\u00eetre les m\u00e9thodes d&#8217;alimentation.<br \/>Connaissance en informatique <br \/>Condition d&#8217;\u00e2ge <br \/>Composition du dossier <br \/>II. CANDIDATURE :<br \/>1. DOSSIER DE CANDIDATURE<br \/>\uf0fc Un curriculum vitae d\u00e9taill\u00e9, dat\u00e9 et sign\u00e9 assorti de trois (03) noms de personnes de r\u00e9f\u00e9rence<br \/>\uf0fc Une lettre de motivation avec pr\u00e9tention salariale adress\u00e9e au Directeur g\u00e9n\u00e9ral du cabinet AVANSEIL.<\/h4><h4>2. DEP\u00d4T<br \/>Envoyez le dossier complet au sein du Cabinet AVANSEIL sis \u00e0 Ouagadougou, Dassasgho, non loin de la t\u00e9l\u00e9vision Impact TV, du 11 au 18 janvier 2024 (sauf dimanche et jours f\u00e9ri\u00e9s), de 08h00 \u00e0 16h00.<br \/>Date limite de dep\u00f4t des dossiers 18\/01\/2024<br \/>Procedure de recrutement <br \/>3. ROCESSUS DE RECRUTEMENT<br \/>a) Pr\u00e9s\u00e9lection sur dossier ;<br \/>b) Entretien.<\/h4><h4>III. INFORMATIONS IMPORTANTES :<br \/>Les candidats pr\u00e9s\u00e9lectionn\u00e9s devront fournir les documents suivants :<br \/>\uf0fc Une copie l\u00e9galis\u00e9e du dipl\u00f4me ;<br \/>\uf0fc Une copie non l\u00e9galis\u00e9e des documents justifiant l\u2019exp\u00e9rience professionnelle (toute exp\u00e9rience professionnelle doit \u00eatre justifi\u00e9e)Les dossiers non conformes, les attestations d\u2019admissibilit\u00e9 et les attestations de niveau ne seront pas\u00a0r\u00e9ceptionn\u00e9s\u00a0;<\/h4>\t\t\t\t\t\t<\/div>\n\t\t\t\t<\/div>\n\t\t\t\t\t<\/div>\n\t\t<\/div>\n\t\t\t\t\t\t\t<\/div>\n\t\t<\/section>\n\t\t\t\t\t\t\t<\/div>\n\t\t","protected":false},"excerpt":{"rendered":"<p>Poste \u00e0 pourvoir ENCADREURSNombre de poste 02Lieu d&#8217;affectation Ouagadougou (Burkina Faso)Structure recruteur CABINET AVANSEILStructure B\u00e9n\u00e9ficiaire IMPORTANTE SOCIETE BASEE AU BURKINA FASOSecteur activit\u00e9 AgroalimentaireDipl\u00f4me ou niveau Dipl\u00f4me de technicien sup\u00e9rieurOption du dipl\u00f4me Sant\u00e9 animale ou tout autre dipl\u00f4me jug\u00e9 \u00e9quivalentExp\u00e9riences 05 ansCapacit\u00e9s li\u00e9es \u00e0 l&#8217;emploi Le cabinet conseil en strat\u00e9gie, management des ressources humaines et des&hellip;<\/p>\n","protected":false},"author":1,"featured_media":0,"parent":0,"menu_order":0,"comment_status":"closed","ping_status":"closed","template":"","meta":[],"_links":{"self":[{"href":"https:\/\/job.amd-veille.com\/index.php\/wp-json\/wp\/v2\/pages\/5675"}],"collection":[{"href":"https:\/\/job.amd-veille.com\/index.php\/wp-json\/wp\/v2\/pages"}],"about":[{"href":"https:\/\/job.amd-veille.com\/index.php\/wp-json\/wp\/v2\/types\/page"}],"author":[{"embeddable":true,"href":"https:\/\/job.amd-veille.com\/index.php\/wp-json\/wp\/v2\/users\/1"}],"replies":[{"embeddable":true,"href":"https:\/\/job.amd-veille.com\/index.php\/wp-json\/wp\/v2\/comments?post=5675"}],"version-history":[{"count":5,"href":"https:\/\/job.amd-veille.com\/index.php\/wp-json\/wp\/v2\/pages\/5675\/revisions"}],"predecessor-version":[{"id":5680,"href":"https:\/\/job.amd-veille.com\/index.php\/wp-json\/wp\/v2\/pages\/5675\/revisions\/5680"}],"wp:attachment":[{"href":"https:\/\/job.amd-veille.com\/index.php\/wp-json\/wp\/v2\/media?parent=5675"}],"curies":[{"name":"wp","href":"https:\/\/api.w.org\/{rel}","templated":true}]}}