{"id":5683,"date":"2024-01-17T16:13:38","date_gmt":"2024-01-17T16:13:38","guid":{"rendered":"https:\/\/job.amd-veille.com\/?page_id=5683"},"modified":"2024-01-17T16:17:12","modified_gmt":"2024-01-17T16:17:12","slug":"elementor-5683","status":"publish","type":"page","link":"https:\/\/job.amd-veille.com\/index.php\/elementor-5683\/","title":{"rendered":"Recrutement de magasiniers et de coursiers"},"content":{"rendered":"\t\t<div data-elementor-type=\"wp-page\" data-elementor-id=\"5683\" class=\"elementor elementor-5683\">\n\t\t\t\t\t\t\t\t\t<section class=\"elementor-section elementor-top-section elementor-element elementor-element-af2ff66 elementor-section-boxed elementor-section-height-default elementor-section-height-default\" data-id=\"af2ff66\" data-element_type=\"section\">\n\t\t\t\t\t\t<div class=\"elementor-container elementor-column-gap-default\">\n\t\t\t\t\t<div class=\"elementor-column elementor-col-100 elementor-top-column elementor-element elementor-element-57b2332\" data-id=\"57b2332\" data-element_type=\"column\">\n\t\t\t<div class=\"elementor-widget-wrap elementor-element-populated\">\n\t\t\t\t\t\t\t\t<div class=\"elementor-element elementor-element-a61b286 elementor-widget elementor-widget-text-editor\" data-id=\"a61b286\" data-element_type=\"widget\" data-widget_type=\"text-editor.default\">\n\t\t\t\t<div class=\"elementor-widget-container\">\n\t\t\t<style>\/*! elementor - v3.14.0 - 26-06-2023 *\/\n.elementor-widget-text-editor.elementor-drop-cap-view-stacked .elementor-drop-cap{background-color:#69727d;color:#fff}.elementor-widget-text-editor.elementor-drop-cap-view-framed .elementor-drop-cap{color:#69727d;border:3px solid;background-color:transparent}.elementor-widget-text-editor:not(.elementor-drop-cap-view-default) .elementor-drop-cap{margin-top:8px}.elementor-widget-text-editor:not(.elementor-drop-cap-view-default) .elementor-drop-cap-letter{width:1em;height:1em}.elementor-widget-text-editor .elementor-drop-cap{float:left;text-align:center;line-height:1;font-size:50px}.elementor-widget-text-editor .elementor-drop-cap-letter{display:inline-block}<\/style>\t\t\t\t<h4>Une entreprise recherche \ud835\udc03\ud835\udc1e\ud835\udc2e\ud835\udc31 (\ud835\udfd0) \ud835\udc0c\ud835\udc1a\ud835\udc20\ud835\udc1a\ud835\udc2c\ud835\udc22\ud835\udc27\ud835\udc22\ud835\udc1e\ud835\udc2b(\ud835\udc1es), \ud835\udc1e\ud835\udc2d \ud835\udc03\ud835\udc1e\ud835\udc2e\ud835\udc31 (\ud835\udfd0) \ud835\udc02\ud835\udc28\ud835\udc2e\ud835\udc2b\ud835\udc2c\ud835\udc22\ud835\udc1e\ud835\udc2b\ud835\udc2c pour rejoindre notre \u00e9quipe ; <br \/>Si vous \u00eates dynamique, organis\u00e9 et avez le sens du service, cette opportunit\u00e9 pourrait vous int\u00e9resser.<br \/>-En tant que \ud835\udc02\ud835\udc28\ud835\udc2e\ud835\udc2b\ud835\udc2c\ud835\udc22\ud835\udc1e\ud835\udc2b, <br \/>vous serez charg\u00e9 de d\u00e9poser ou retirer des documents de mani\u00e8re efficace et ponctuelle. Votre r\u00f4le implique la gestion des itin\u00e9raires, et la bonne connaissance de Google Maps<br \/>-En tant que \ud835\udc0c\ud835\udc1a\ud835\udc20\ud835\udc1a\ud835\udc2c\ud835\udc22\ud835\udc27\ud835\udc22\ud835\udc1e\ud835\udc2b(\ud835\udc1e),<br \/>vous serez charg\u00e9 d&#8217;organiser et ranger les produits dans le magasin de mani\u00e8re \u00e0 ce qu&#8217;ils soient facilement accessibles ; tenir un registre pr\u00e9cis des stocks.<\/h4><h4>Exigences postes \ud835\udc02\ud835\udc28\ud835\udc2e\ud835\udc2b\ud835\udc2c\ud835\udc22\ud835\udc1e\ud835\udc2b<br \/>&#8211; Avoir au moins le BEPC et \u00eatre \u00c2g\u00e9 au maximum de 35 ans.<br \/>&#8211; Bonne connaissance de la ville de Ouagadougou.<\/h4><h4>Exigences postes \ud835\udc0c\ud835\udc1a\ud835\udc20\ud835\udc1a\ud835\udc2c\ud835\udc22\ud835\udc27\ud835\udc22\ud835\udc1e\ud835\udc2b(\ud835\udc1e) :<br \/>-Avoir au moins le BAC ou tout dipl\u00f4me \u00e9quivalent et \u00eatre \u00c2g\u00e9 au maximum de 35 ans.<br \/>-Avoir au moins 12 mois d\u2019exp\u00e9riences <br \/>-\u00catre Organiser et dynamique<\/h4><h4>Nous offrons un environnement stimulant, des opportunit\u00e9s d&#8217;apprentissage et un salaire comp\u00e9titif. Si vous \u00eates pr\u00eat \u00e0 relever ce d\u00e9fi, envoyez-nous par mail votre CV et une copie de votre CNIB.<br \/>Nous attendons avec impatience votre candidature.<br \/>Mail : recrutements.226@gmail.com (Merci de pr\u00e9ciser au niveau de l&#8217;objet)<br \/>Date limite de d\u00e9p\u00f4t : Lundi\u00a022\u00a0janvier\u00a02024<\/h4>\t\t\t\t\t\t<\/div>\n\t\t\t\t<\/div>\n\t\t\t\t\t<\/div>\n\t\t<\/div>\n\t\t\t\t\t\t\t<\/div>\n\t\t<\/section>\n\t\t\t\t\t\t\t<\/div>\n\t\t","protected":false},"excerpt":{"rendered":"<p>Une entreprise recherche \ud835\udc03\ud835\udc1e\ud835\udc2e\ud835\udc31 (\ud835\udfd0) \ud835\udc0c\ud835\udc1a\ud835\udc20\ud835\udc1a\ud835\udc2c\ud835\udc22\ud835\udc27\ud835\udc22\ud835\udc1e\ud835\udc2b(\ud835\udc1es), \ud835\udc1e\ud835\udc2d \ud835\udc03\ud835\udc1e\ud835\udc2e\ud835\udc31 (\ud835\udfd0) \ud835\udc02\ud835\udc28\ud835\udc2e\ud835\udc2b\ud835\udc2c\ud835\udc22\ud835\udc1e\ud835\udc2b\ud835\udc2c pour rejoindre notre \u00e9quipe ; Si vous \u00eates dynamique, organis\u00e9 et avez le sens du service, cette opportunit\u00e9 pourrait vous int\u00e9resser.-En tant que \ud835\udc02\ud835\udc28\ud835\udc2e\ud835\udc2b\ud835\udc2c\ud835\udc22\ud835\udc1e\ud835\udc2b, vous serez charg\u00e9 de d\u00e9poser ou retirer des documents de mani\u00e8re efficace et ponctuelle. Votre r\u00f4le implique la gestion des itin\u00e9raires,&hellip;<\/p>\n","protected":false},"author":1,"featured_media":0,"parent":0,"menu_order":0,"comment_status":"closed","ping_status":"closed","template":"","meta":[],"_links":{"self":[{"href":"https:\/\/job.amd-veille.com\/index.php\/wp-json\/wp\/v2\/pages\/5683"}],"collection":[{"href":"https:\/\/job.amd-veille.com\/index.php\/wp-json\/wp\/v2\/pages"}],"about":[{"href":"https:\/\/job.amd-veille.com\/index.php\/wp-json\/wp\/v2\/types\/page"}],"author":[{"embeddable":true,"href":"https:\/\/job.amd-veille.com\/index.php\/wp-json\/wp\/v2\/users\/1"}],"replies":[{"embeddable":true,"href":"https:\/\/job.amd-veille.com\/index.php\/wp-json\/wp\/v2\/comments?post=5683"}],"version-history":[{"count":5,"href":"https:\/\/job.amd-veille.com\/index.php\/wp-json\/wp\/v2\/pages\/5683\/revisions"}],"predecessor-version":[{"id":5688,"href":"https:\/\/job.amd-veille.com\/index.php\/wp-json\/wp\/v2\/pages\/5683\/revisions\/5688"}],"wp:attachment":[{"href":"https:\/\/job.amd-veille.com\/index.php\/wp-json\/wp\/v2\/media?parent=5683"}],"curies":[{"name":"wp","href":"https:\/\/api.w.org\/{rel}","templated":true}]}}